Last updated on 2020-01-20 01:50:24 CET.
Flavor | Version | Tinstall | Tcheck | Ttotal | Status | Flags |
---|---|---|---|---|---|---|
r-devel-linux-x86_64-debian-clang | 0.2.2 | 14.44 | 221.76 | 236.20 | OK | |
r-devel-linux-x86_64-debian-gcc | 0.2.2 | 11.65 | 161.64 | 173.29 | OK | |
r-devel-linux-x86_64-fedora-clang | 0.2.2 | 265.90 | NOTE | |||
r-devel-linux-x86_64-fedora-gcc | 0.2.2 | 256.50 | OK | |||
r-devel-windows-ix86+x86_64 | 0.2.2 | 29.00 | 311.00 | 340.00 | OK | |
r-devel-windows-ix86+x86_64-gcc8 | 0.2.2 | 24.00 | 219.00 | 243.00 | NOTE | |
r-patched-linux-x86_64 | 0.2.2 | 12.65 | 193.86 | 206.51 | OK | |
r-patched-solaris-x86 | 0.2.2 | 285.90 | NOTE | |||
r-release-linux-x86_64 | 0.2.2 | 13.38 | 194.10 | 207.48 | OK | |
r-release-windows-ix86+x86_64 | 0.2.2 | 21.00 | 277.00 | 298.00 | OK | |
r-release-osx-x86_64 | 0.2.2 | NOTE | ||||
r-oldrel-windows-ix86+x86_64 | 0.2.2 | 14.00 | 195.00 | 209.00 | OK | |
r-oldrel-osx-x86_64 | 0.2.2 | OK |
Version: 0.2.2
Check: installed package size
Result: NOTE
installed size is 5.0Mb
sub-directories of 1Mb or more:
data 3.1Mb
help 1.6Mb
Flavors: r-devel-linux-x86_64-fedora-clang, r-devel-windows-ix86+x86_64-gcc8, r-patched-solaris-x86, r-release-osx-x86_64