Last updated on 2020-01-20 01:50:24 CET.
Flavor | Version | Tinstall | Tcheck | Ttotal | Status | Flags |
---|---|---|---|---|---|---|
r-devel-linux-x86_64-debian-clang | 2019.12.22 | 1.47 | 12.54 | 14.01 | OK | |
r-devel-linux-x86_64-debian-gcc | 2019.12.22 | 1.53 | 9.99 | 11.52 | OK | |
r-devel-linux-x86_64-fedora-clang | 2019.12.22 | 18.91 | NOTE | |||
r-devel-linux-x86_64-fedora-gcc | 2019.12.22 | 19.11 | NOTE | |||
r-devel-windows-ix86+x86_64 | 2019.12.22 | 7.00 | 30.00 | 37.00 | OK | |
r-devel-windows-ix86+x86_64-gcc8 | 2019.12.22 | 5.00 | 23.00 | 28.00 | OK | |
r-patched-linux-x86_64 | 2019.12.22 | 1.37 | 11.69 | 13.06 | OK | |
r-patched-solaris-x86 | 2019.12.22 | 27.10 | NOTE | |||
r-release-linux-x86_64 | 2019.12.22 | 1.22 | 11.91 | 13.13 | OK | |
r-release-windows-ix86+x86_64 | 2019.12.22 | 5.00 | 25.00 | 30.00 | OK | |
r-release-osx-x86_64 | 2019.12.22 | NOTE | ||||
r-oldrel-windows-ix86+x86_64 | 2019.12.22 | 2.00 | 21.00 | 23.00 | OK | |
r-oldrel-osx-x86_64 | 2019.12.22 | NOTE |
Version: 2019.12.22
Check: data for non-ASCII characters
Result: NOTE
Note: found 7423 marked UTF-8 strings
Flavors: r-devel-linux-x86_64-fedora-clang, r-devel-linux-x86_64-fedora-gcc, r-patched-solaris-x86, r-release-osx-x86_64, r-oldrel-osx-x86_64