CRAN Package Check Results for Package IceCast

Last updated on 2020-01-20 01:50:23 CET.

Flavor Version Tinstall Tcheck Ttotal Status Flags
r-devel-linux-x86_64-debian-clang 2.1.0 46.62 572.49 619.11 OK
r-devel-linux-x86_64-debian-gcc 2.1.0 35.25 419.94 455.19 OK
r-devel-linux-x86_64-fedora-clang 2.1.0 731.44 NOTE
r-devel-linux-x86_64-fedora-gcc 2.1.0 758.46 NOTE
r-devel-windows-ix86+x86_64 2.1.0 116.00 824.00 940.00 OK
r-devel-windows-ix86+x86_64-gcc8 2.1.0 95.00 613.00 708.00 OK
r-patched-linux-x86_64 2.1.0 37.58 502.17 539.75 OK
r-patched-solaris-x86 2.1.0 921.90 NOTE
r-release-linux-x86_64 2.1.0 36.48 501.31 537.79 OK
r-release-windows-ix86+x86_64 2.1.0 109.00 546.00 655.00 OK
r-release-osx-x86_64 2.1.0 NOTE
r-oldrel-windows-ix86+x86_64 2.1.0 75.00 527.00 602.00 OK
r-oldrel-osx-x86_64 2.1.0 NOTE

Check Details

Version: 2.1.0
Check: dependencies in R code
Result: NOTE
    Namespace in Imports field not imported from: ‘coda’
     All declared Imports should be used.
Flavors: r-devel-linux-x86_64-fedora-clang, r-devel-linux-x86_64-fedora-gcc, r-patched-solaris-x86, r-release-osx-x86_64, r-oldrel-osx-x86_64