Last updated on 2020-01-20 01:50:24 CET.
Flavor | Version | Tinstall | Tcheck | Ttotal | Status | Flags |
---|---|---|---|---|---|---|
r-devel-linux-x86_64-debian-clang | 0.1.7 | 2.70 | 31.71 | 34.41 | OK | |
r-devel-linux-x86_64-debian-gcc | 0.1.7 | 2.72 | 25.40 | 28.12 | OK | |
r-devel-linux-x86_64-fedora-clang | 0.1.7 | 44.25 | WARN | |||
r-devel-linux-x86_64-fedora-gcc | 0.1.7 | 45.21 | NOTE | |||
r-devel-windows-ix86+x86_64 | 0.1.7 | 13.00 | 72.00 | 85.00 | OK | |
r-devel-windows-ix86+x86_64-gcc8 | 0.1.7 | 8.00 | 50.00 | 58.00 | OK | |
r-patched-linux-x86_64 | 0.1.7 | 2.49 | 29.42 | 31.91 | OK | |
r-patched-solaris-x86 | 0.1.7 | 71.60 | NOTE | |||
r-release-linux-x86_64 | 0.1.7 | 3.07 | 29.70 | 32.77 | OK | |
r-release-windows-ix86+x86_64 | 0.1.7 | 12.00 | 52.00 | 64.00 | OK | |
r-release-osx-x86_64 | 0.1.7 | NOTE | ||||
r-oldrel-windows-ix86+x86_64 | 0.1.7 | 4.00 | 47.00 | 51.00 | OK | |
r-oldrel-osx-x86_64 | 0.1.7 | NOTE |
Version: 0.1.7
Check: package dependencies
Result: WARN
Requires orphaned package: ‘imager’
Flavor: r-devel-linux-x86_64-fedora-clang
Version: 0.1.7
Check: dependencies in R code
Result: NOTE
Namespace in Imports field not imported from: ‘jpeg’
All declared Imports should be used.
Flavors: r-devel-linux-x86_64-fedora-clang, r-devel-linux-x86_64-fedora-gcc, r-patched-solaris-x86, r-release-osx-x86_64, r-oldrel-osx-x86_64