CRAN Package Check Results for Package IsoriX

Last updated on 2020-01-20 01:50:24 CET.

Flavor Version Tinstall Tcheck Ttotal Status Flags
r-devel-linux-x86_64-debian-clang 0.8.1 15.49 142.20 157.69 OK
r-devel-linux-x86_64-debian-gcc 0.8.1 16.04 108.85 124.89 OK
r-devel-linux-x86_64-fedora-clang 0.8.1 191.40 OK
r-devel-linux-x86_64-fedora-gcc 0.8.1 198.78 OK
r-devel-windows-ix86+x86_64 0.8.1 44.00 205.00 249.00 OK
r-devel-windows-ix86+x86_64-gcc8 0.8.1 30.00 150.00 180.00 OK
r-patched-linux-x86_64 0.8.1 14.94 125.40 140.34 OK
r-patched-solaris-x86 0.8.1 246.60 OK
r-release-linux-x86_64 0.8.1 13.05 125.12 138.17 OK
r-release-windows-ix86+x86_64 0.8.1 36.00 182.00 218.00 OK
r-release-osx-x86_64 0.8.1 FAIL
r-oldrel-windows-ix86+x86_64 0.8.1 15.00 123.00 138.00 OK
r-oldrel-osx-x86_64 0.8.1 OK

Check Details

Version: 0.8.1
Check: dependencies in R code
Result: FAIL
Flavor: r-release-osx-x86_64