CRAN Package Check Results for Package KODAMA

Last updated on 2020-01-20 01:50:25 CET.

Flavor Version Tinstall Tcheck Ttotal Status Flags
r-devel-linux-x86_64-debian-clang 1.5 63.80 54.34 118.14 WARN
r-devel-linux-x86_64-debian-gcc 1.5 41.98 41.98 83.96 WARN
r-devel-linux-x86_64-fedora-clang 1.5 164.60 NOTE
r-devel-linux-x86_64-fedora-gcc 1.5 154.41 WARN
r-devel-windows-ix86+x86_64 1.5 167.00 144.00 311.00 OK
r-devel-windows-ix86+x86_64-gcc8 1.5 131.00 103.00 234.00 NOTE
r-patched-linux-x86_64 1.5 44.72 50.23 94.95 OK
r-patched-solaris-x86 1.5 158.50 OK
r-release-linux-x86_64 1.5 47.79 50.41 98.20 OK
r-release-windows-ix86+x86_64 1.5 173.00 122.00 295.00 ERROR
r-release-osx-x86_64 1.5 NOTE
r-oldrel-windows-ix86+x86_64 1.5 94.00 78.00 172.00 OK
r-oldrel-osx-x86_64 1.5 NOTE

Check Details

Version: 1.5
Check: whether package can be installed
Result: WARN
    Found the following significant warnings:
     svm.cpp:2788:3: warning: ignoring return value of function declared with 'warn_unused_result' attribute [-Wunused-result]
     svm.cpp:2792:4: warning: ignoring return value of function declared with 'warn_unused_result' attribute [-Wunused-result]
     svm.cpp:2817:4: warning: ignoring return value of function declared with 'warn_unused_result' attribute [-Wunused-result]
     svm.cpp:2841:4: warning: ignoring return value of function declared with 'warn_unused_result' attribute [-Wunused-result]
     svm.cpp:2843:4: warning: ignoring return value of function declared with 'warn_unused_result' attribute [-Wunused-result]
     svm.cpp:2845:4: warning: ignoring return value of function declared with 'warn_unused_result' attribute [-Wunused-result]
     svm.cpp:2847:4: warning: ignoring return value of function declared with 'warn_unused_result' attribute [-Wunused-result]
     svm.cpp:2849:4: warning: ignoring return value of function declared with 'warn_unused_result' attribute [-Wunused-result]
     svm.cpp:2855:5: warning: ignoring return value of function declared with 'warn_unused_result' attribute [-Wunused-result]
     svm.cpp:2862:5: warning: ignoring return value of function declared with 'warn_unused_result' attribute [-Wunused-result]
     svm.cpp:2869:5: warning: ignoring return value of function declared with 'warn_unused_result' attribute [-Wunused-result]
     svm.cpp:2876:5: warning: ignoring return value of function declared with 'warn_unused_result' attribute [-Wunused-result]
     svm.cpp:2883:5: warning: ignoring return value of function declared with 'warn_unused_result' attribute [-Wunused-result]
Flavor: r-devel-linux-x86_64-debian-clang

Version: 1.5
Check: for non-standard things in the check directory
Result: NOTE
    Found the following files/directories:
     'dinisurface.pdf' 'helicoid.pdf' 'spirals.pdf' 'swissroll.pdf'
Flavors: r-devel-linux-x86_64-debian-clang, r-devel-linux-x86_64-debian-gcc, r-devel-linux-x86_64-fedora-clang, r-devel-linux-x86_64-fedora-gcc

Version: 1.5
Check: whether package can be installed
Result: WARN
    Found the following significant warnings:
     svm.cpp:2788:9: warning: ignoring return value of ‘int fscanf(FILE*, const char*, ...)’, declared with attribute warn_unused_result [-Wunused-result]
     svm.cpp:2792:10: warning: ignoring return value of ‘int fscanf(FILE*, const char*, ...)’, declared with attribute warn_unused_result [-Wunused-result]
     svm.cpp:2817:10: warning: ignoring return value of ‘int fscanf(FILE*, const char*, ...)’, declared with attribute warn_unused_result [-Wunused-result]
     svm.cpp:2841:10: warning: ignoring return value of ‘int fscanf(FILE*, const char*, ...)’, declared with attribute warn_unused_result [-Wunused-result]
     svm.cpp:2843:10: warning: ignoring return value of ‘int fscanf(FILE*, const char*, ...)’, declared with attribute warn_unused_result [-Wunused-result]
     svm.cpp:2845:10: warning: ignoring return value of ‘int fscanf(FILE*, const char*, ...)’, declared with attribute warn_unused_result [-Wunused-result]
     svm.cpp:2847:10: warning: ignoring return value of ‘int fscanf(FILE*, const char*, ...)’, declared with attribute warn_unused_result [-Wunused-result]
     svm.cpp:2849:10: warning: ignoring return value of ‘int fscanf(FILE*, const char*, ...)’, declared with attribute warn_unused_result [-Wunused-result]
     svm.cpp:2855:11: warning: ignoring return value of ‘int fscanf(FILE*, const char*, ...)’, declared with attribute warn_unused_result [-Wunused-result]
     svm.cpp:2862:11: warning: ignoring return value of ‘int fscanf(FILE*, const char*, ...)’, declared with attribute warn_unused_result [-Wunused-result]
     svm.cpp:2869:11: warning: ignoring return value of ‘int fscanf(FILE*, const char*, ...)’, declared with attribute warn_unused_result [-Wunused-result]
     svm.cpp:2876:11: warning: ignoring return value of ‘int fscanf(FILE*, const char*, ...)’, declared with attribute warn_unused_result [-Wunused-result]
     svm.cpp:2883:11: warning: ignoring return value of ‘int fscanf(FILE*, const char*, ...)’, declared with attribute warn_unused_result [-Wunused-result]
Flavors: r-devel-linux-x86_64-debian-gcc, r-devel-linux-x86_64-fedora-gcc

Version: 1.5
Check: installed package size
Result: NOTE
     installed size is 7.2Mb
     sub-directories of 1Mb or more:
     data 1.6Mb
     libs 4.4Mb
Flavors: r-devel-linux-x86_64-fedora-clang, r-devel-windows-ix86+x86_64-gcc8, r-release-osx-x86_64, r-oldrel-osx-x86_64

Version: 1.5
Check: running examples for arch ‘x64’
Result: ERROR
    Running examples in 'KODAMA-Ex.R' failed
    The error occurred in:
    
    
    R version 3.6.2 (2019-12-12) -- "Dark and Stormy Night"
    Copyright (C) 2019 The R Foundation for Statistical Computing
    Platform: x86_64-w64-mingw32/x64 (64-bit)
    
    R is free software and comes with ABSOLUTELY NO WARRANTY.
    You are welcome to redistribute it under certain conditions.
    Type 'license()' or 'licence()' for distribution details.
    
     Natural language support but running in an English locale
    
    R is a collaborative project with many contributors.
    Type 'contributors()' for more information and
    'citation()' on how to cite R or R packages in publications.
    
    Type 'demo()' for some demos, 'help()' for on-line help, or
    'help.start()' for an HTML browser interface to help.
    Type 'q()' to quit R.
    
    Error: package or namespace load failed for 'utils':
     cannot allocate vector of size 1.8 Mb
    During startup - Warning messages:
    1: package 'utils' in options("defaultPackages") was not found
    2: In .getClassesFromCache(Class) :
     restarting interrupted promise evaluation
    > pkgname <- "KODAMA"
    > source(file.path(R.home("share"), "R", "examples-header.R"))
    > options(warn = 1)
    > options(pager = "console")
    > library('KODAMA')
    Error: package or namespace load failed for 'KODAMA' in get("#HAS_DUPLICATE_CLASS_NAMES", envir = .classTable):
     object '#HAS_DUPLICATE_CLASS_NAMES' not found
    Execution halted
Flavor: r-release-windows-ix86+x86_64