CRAN Package Check Results for Package LUCIDus

Last updated on 2020-01-20 01:50:25 CET.

Flavor Version Tinstall Tcheck Ttotal Status Flags
r-devel-linux-x86_64-debian-clang 1.0.0 13.44 162.39 175.83 OK
r-devel-linux-x86_64-debian-gcc 1.0.0 12.69 118.12 130.81 OK
r-devel-linux-x86_64-fedora-clang 1.0.0 203.14 NOTE
r-devel-linux-x86_64-fedora-gcc 1.0.0 206.59 NOTE
r-devel-windows-ix86+x86_64 1.0.0 34.00 444.00 478.00 OK
r-devel-windows-ix86+x86_64-gcc8 1.0.0 25.00 351.00 376.00 OK
r-patched-linux-x86_64 1.0.0 12.99 137.78 150.77 OK
r-patched-solaris-x86 1.0.0 204.20 WARN
r-release-linux-x86_64 1.0.0 11.74 135.31 147.05 OK
r-release-windows-ix86+x86_64 1.0.0 31.00 314.00 345.00 OK
r-release-osx-x86_64 1.0.0 WARN
r-oldrel-windows-ix86+x86_64 1.0.0 16.00 226.00 242.00 OK
r-oldrel-osx-x86_64 1.0.0 WARN

Check Details

Version: 1.0.0
Check: dependencies in R code
Result: NOTE
    Namespace in Imports field not imported from: ‘methods’
     All declared Imports should be used.
Flavors: r-devel-linux-x86_64-fedora-clang, r-devel-linux-x86_64-fedora-gcc, r-patched-solaris-x86, r-release-osx-x86_64, r-oldrel-osx-x86_64

Version: 1.0.0
Check: re-building of vignette outputs
Result: WARN
    Error(s) in re-building vignettes:
     ...
    --- re-building ‘LUCIDus-vignette.Rmd’ using rmarkdown
    Warning in engine$weave(file, quiet = quiet, encoding = enc) :
     Pandoc (>= 1.12.3) and/or pandoc-citeproc not available. Falling back to R Markdown v1.
    Quitting from lines 63-64 (LUCIDus-vignette.Rmd)
    Error: processing vignette 'LUCIDus-vignette.Rmd' failed with diagnostics:
    there is no package called 'webshot'
    --- failed re-building ‘LUCIDus-vignette.Rmd’
    
    SUMMARY: processing the following file failed:
     ‘LUCIDus-vignette.Rmd’
    
    Error: Vignette re-building failed.
    Execution halted
Flavor: r-patched-solaris-x86

Version: 1.0.0
Check: re-building of vignette outputs
Result: WARN
    Error(s) in re-building vignettes:
     ...
    --- re-building ‘LUCIDus-vignette.Rmd’ using rmarkdown
    Warning in engine$weave(file, quiet = quiet, encoding = enc) :
     Pandoc (>= 1.12.3) and/or pandoc-citeproc not available. Falling back to R Markdown v1.
    Quitting from lines 63-64 (LUCIDus-vignette.Rmd)
    Error: processing vignette 'LUCIDus-vignette.Rmd' failed with diagnostics:
    cannot open the connection
    --- failed re-building ‘LUCIDus-vignette.Rmd’
    
    SUMMARY: processing the following file failed:
     ‘LUCIDus-vignette.Rmd’
    
    Error: Vignette re-building failed.
    Execution halted
Flavor: r-release-osx-x86_64

Version: 1.0.0
Check: re-building of vignette outputs
Result: WARN
    Error in re-building vignettes:
     ...
    Warning in engine$weave(file, quiet = quiet, encoding = enc) :
     Pandoc (>= 1.12.3) and/or pandoc-citeproc not available. Falling back to R Markdown v1.
    Quitting from lines 63-64 (LUCIDus-vignette.Rmd)
    Error: processing vignette 'LUCIDus-vignette.Rmd' failed with diagnostics:
    cannot open the connection
    Execution halted
Flavor: r-oldrel-osx-x86_64