CRAN Package Check Results for Package LambertW

Last updated on 2020-01-20 01:50:25 CET.

Flavor Version Tinstall Tcheck Ttotal Status Flags
r-devel-linux-x86_64-debian-clang 0.6.4 66.80 129.79 196.59 WARN
r-devel-linux-x86_64-debian-gcc 0.6.4 41.22 99.42 140.64 OK
r-devel-linux-x86_64-fedora-clang 0.6.4 579.50 WARN
r-devel-linux-x86_64-fedora-gcc 0.6.4 517.50 NOTE
r-devel-windows-ix86+x86_64 0.6.4 165.00 251.00 416.00 OK
r-devel-windows-ix86+x86_64-gcc8 0.6.4 127.00 196.00 323.00 OK
r-patched-linux-x86_64 0.6.4 51.04 111.38 162.42 OK
r-patched-solaris-x86 0.6.4 908.30 OK
r-release-linux-x86_64 0.6.4 46.94 111.43 158.37 OK
r-release-windows-ix86+x86_64 0.6.4 176.00 224.00 400.00 OK
r-release-osx-x86_64 0.6.4 WARN
r-oldrel-windows-ix86+x86_64 0.6.4 96.00 206.00 302.00 OK
r-oldrel-osx-x86_64 0.6.4 WARN

Check Details

Version: 0.6.4
Check: whether package can be installed
Result: WARN
    Found the following significant warnings:
     W_gamma_Cpp.cpp:14:39: warning: explicitly assigning value of variable of type 'int' to itself [-Wself-assign]
Flavors: r-devel-linux-x86_64-debian-clang, r-devel-linux-x86_64-fedora-clang, r-release-osx-x86_64, r-oldrel-osx-x86_64

Version: 0.6.4
Check: compiled code
Result: NOTE
    File ‘LambertW/libs/LambertW.so’:
     Found no calls to: ‘R_registerRoutines’, ‘R_useDynamicSymbols’
    
    It is good practice to register native routines and to disable symbol
    search.
    
    See ‘Writing portable packages’ in the ‘Writing R Extensions’ manual.
Flavors: r-devel-linux-x86_64-fedora-clang, r-devel-linux-x86_64-fedora-gcc