Last updated on 2020-01-20 01:50:26 CET.
Flavor | Version | Tinstall | Tcheck | Ttotal | Status | Flags |
---|---|---|---|---|---|---|
r-devel-linux-x86_64-debian-clang | 0.0.20 | 13.61 | 127.91 | 141.52 | OK | |
r-devel-linux-x86_64-debian-gcc | 0.0.20 | 10.66 | 98.01 | 108.67 | OK | |
r-devel-linux-x86_64-fedora-clang | 0.0.20 | 169.55 | NOTE | |||
r-devel-linux-x86_64-fedora-gcc | 0.0.20 | 173.59 | NOTE | |||
r-devel-windows-ix86+x86_64 | 0.0.20 | 32.00 | 255.00 | 287.00 | NOTE | |
r-devel-windows-ix86+x86_64-gcc8 | 0.0.20 | 22.00 | 188.00 | 210.00 | NOTE | |
r-patched-linux-x86_64 | 0.0.20 | 10.43 | 115.70 | 126.13 | OK | |
r-patched-solaris-x86 | 0.0.20 | 206.20 | NOTE | |||
r-release-linux-x86_64 | 0.0.20 | 11.03 | 116.56 | 127.59 | OK | |
r-release-windows-ix86+x86_64 | 0.0.20 | 18.00 | 184.00 | 202.00 | NOTE | |
r-release-osx-x86_64 | 0.0.20 | NOTE | ||||
r-oldrel-windows-ix86+x86_64 | 0.0.20 | 14.00 | 195.00 | 209.00 | NOTE | |
r-oldrel-osx-x86_64 | 0.0.20 | NOTE |
Version: 0.0.20
Check: package dependencies
Result: NOTE
Package suggested but not available for checking: ‘cplexAPI’
Flavors: r-devel-linux-x86_64-fedora-clang, r-devel-linux-x86_64-fedora-gcc, r-devel-windows-ix86+x86_64, r-devel-windows-ix86+x86_64-gcc8, r-patched-solaris-x86, r-release-windows-ix86+x86_64, r-release-osx-x86_64, r-oldrel-windows-ix86+x86_64, r-oldrel-osx-x86_64