CRAN Package Check Results for Package MOEADr

Last updated on 2020-01-20 01:50:27 CET.

Flavor Version Tinstall Tcheck Ttotal Status Flags
r-devel-linux-x86_64-debian-clang 1.1.0 4.95 173.99 178.94 OK
r-devel-linux-x86_64-debian-gcc 1.1.0 3.89 125.28 129.17 OK
r-devel-linux-x86_64-fedora-clang 1.1.0 202.95 OK
r-devel-linux-x86_64-fedora-gcc 1.1.0 204.31 OK
r-devel-windows-ix86+x86_64 1.1.0 23.00 210.00 233.00 OK
r-devel-windows-ix86+x86_64-gcc8 1.1.0 10.00 157.00 167.00 OK
r-patched-linux-x86_64 1.1.0 4.07 153.20 157.27 OK
r-patched-solaris-x86 1.1.0 119.20 WARN
r-release-linux-x86_64 1.1.0 4.08 154.06 158.14 OK
r-release-windows-ix86+x86_64 1.1.0 13.00 189.00 202.00 OK
r-release-osx-x86_64 1.1.0 OK
r-oldrel-windows-ix86+x86_64 1.1.0 11.00 126.00 137.00 OK
r-oldrel-osx-x86_64 1.1.0 OK

Check Details

Version: 1.1.0
Check: package dependencies
Result: NOTE
    Package suggested but not available for checking: ‘smoof’
Flavor: r-patched-solaris-x86

Version: 1.1.0
Check: re-building of vignette outputs
Result: WARN
    Error(s) in re-building vignettes:
     ...
    --- re-building ‘Basic_Usage.Rmd’ using rmarkdown
    Warning in engine$weave(file, quiet = quiet, encoding = enc) :
     Pandoc (>= 1.12.3) and/or pandoc-citeproc not available. Falling back to R Markdown v1.
    Quitting from lines 106-114 (Basic_Usage.Rmd)
    Error: processing vignette 'Basic_Usage.Rmd' failed with diagnostics:
    there is no package called 'smoof'
    --- failed re-building ‘Basic_Usage.Rmd’
    
    --- re-building ‘Comparison_Usage.Rmd’ using rmarkdown
    Warning in engine$weave(file, quiet = quiet, encoding = enc) :
     Pandoc (>= 1.12.3) and/or pandoc-citeproc not available. Falling back to R Markdown v1.
    --- finished re-building ‘Comparison_Usage.Rmd’
    
    --- re-building ‘Modification_Usage.Rmd’ using rmarkdown
    Warning in engine$weave(file, quiet = quiet, encoding = enc) :
     Pandoc (>= 1.12.3) and/or pandoc-citeproc not available. Falling back to R Markdown v1.
    Quitting from lines 70-94 (Modification_Usage.Rmd)
    Error: processing vignette 'Modification_Usage.Rmd' failed with diagnostics:
    there is no package called 'smoof'
    --- failed re-building ‘Modification_Usage.Rmd’
    
    --- re-building ‘problem-definition.Rmd’ using rmarkdown
    Warning in engine$weave(file, quiet = quiet, encoding = enc) :
     Pandoc (>= 1.12.3) and/or pandoc-citeproc not available. Falling back to R Markdown v1.
    --- finished re-building ‘problem-definition.Rmd’
    
    --- re-building ‘writing-functions-for-moeadr.Rmd’ using rmarkdown
    Warning in engine$weave(file, quiet = quiet, encoding = enc) :
     Pandoc (>= 1.12.3) and/or pandoc-citeproc not available. Falling back to R Markdown v1.
    --- finished re-building ‘writing-functions-for-moeadr.Rmd’
    
    SUMMARY: processing the following files failed:
     ‘Basic_Usage.Rmd’ ‘Modification_Usage.Rmd’
    
    Error: Vignette re-building failed.
    Execution halted
Flavor: r-patched-solaris-x86