Last updated on 2020-01-20 01:50:27 CET.
Flavor | Version | Tinstall | Tcheck | Ttotal | Status | Flags |
---|---|---|---|---|---|---|
r-devel-linux-x86_64-debian-clang | 2.31 | 360.91 | 382.50 | 743.41 | OK | |
r-devel-linux-x86_64-debian-gcc | 2.31 | 297.93 | 280.14 | 578.07 | OK | |
r-devel-linux-x86_64-fedora-clang | 2.31 | 975.79 | NOTE | |||
r-devel-linux-x86_64-fedora-gcc | 2.31 | 1023.18 | OK | |||
r-devel-windows-ix86+x86_64 | 2.31 | 905.00 | 743.00 | 1648.00 | NOTE | |
r-devel-windows-ix86+x86_64-gcc8 | 2.31 | 707.00 | 618.00 | 1325.00 | NOTE | |
r-patched-linux-x86_64 | 2.31 | 323.63 | 319.52 | 643.15 | OK | |
r-patched-solaris-x86 | 2.31 | 855.10 | NOTE | |||
r-release-linux-x86_64 | 2.31 | 322.73 | 317.32 | 640.05 | OK | |
r-release-windows-ix86+x86_64 | 2.31 | 894.00 | 640.00 | 1534.00 | NOTE | |
r-release-osx-x86_64 | 2.31 | NOTE | ||||
r-oldrel-windows-ix86+x86_64 | 2.31 | 573.00 | 458.00 | 1031.00 | NOTE | |
r-oldrel-osx-x86_64 | 2.31 | NOTE |
Version: 2.31
Check: installed package size
Result: NOTE
installed size is 46.7Mb
sub-directories of 1Mb or more:
libs 46.2Mb
Flavors: r-devel-linux-x86_64-fedora-clang, r-devel-windows-ix86+x86_64, r-devel-windows-ix86+x86_64-gcc8, r-patched-solaris-x86, r-release-windows-ix86+x86_64, r-release-osx-x86_64, r-oldrel-windows-ix86+x86_64, r-oldrel-osx-x86_64