CRAN Package Check Results for Package ManifoldOptim

Last updated on 2020-01-20 01:50:25 CET.

Flavor Version Tinstall Tcheck Ttotal Status Flags
r-devel-linux-x86_64-debian-clang 0.1.4 206.91 25.45 232.36 OK
r-devel-linux-x86_64-debian-gcc 0.1.4 130.32 20.73 151.05 WARN
r-devel-linux-x86_64-fedora-clang 0.1.4 357.57 NOTE
r-devel-linux-x86_64-fedora-gcc 0.1.4 306.70 WARN
r-devel-windows-ix86+x86_64 0.1.4 922.00 90.00 1012.00 OK
r-devel-windows-ix86+x86_64-gcc8 0.1.4 722.00 80.00 802.00 WARN
r-patched-linux-x86_64 0.1.4 151.49 23.47 174.96 WARN
r-patched-solaris-x86 0.1.4 260.10 OK
r-release-linux-x86_64 0.1.4 152.27 23.50 175.77 WARN
r-release-windows-ix86+x86_64 0.1.4 916.00 71.00 987.00 OK
r-release-osx-x86_64 0.1.4 NOTE
r-oldrel-windows-ix86+x86_64 0.1.4 568.00 57.00 625.00 OK
r-oldrel-osx-x86_64 0.1.4 NOTE

Check Details

Version: 0.1.4
Check: whether package can be installed
Result: WARN
    Found the following significant warnings:
     Manifolds/SmartSpace.cpp:147:25: warning: catching polymorphic type ‘class std::bad_alloc’ by value [-Wcatch-value=]
Flavors: r-devel-linux-x86_64-debian-gcc, r-devel-linux-x86_64-fedora-gcc, r-devel-windows-ix86+x86_64-gcc8, r-patched-linux-x86_64, r-release-linux-x86_64

Version: 0.1.4
Check: installed package size
Result: NOTE
     installed size is 9.7Mb
     sub-directories of 1Mb or more:
     libs 9.3Mb
Flavors: r-devel-linux-x86_64-fedora-clang, r-release-osx-x86_64, r-oldrel-osx-x86_64