CRAN Package Check Results for Package MetSizeR

Last updated on 2020-01-20 01:50:26 CET.

Flavor Version Tinstall Tcheck Ttotal Status Flags
r-devel-linux-x86_64-debian-clang 1.1 6.72 60.78 67.50 NOTE
r-devel-linux-x86_64-debian-gcc 1.1 7.06 47.43 54.49 NOTE
r-devel-linux-x86_64-fedora-clang 1.1 83.41 NOTE
r-devel-linux-x86_64-fedora-gcc 1.1 86.86 NOTE
r-devel-windows-ix86+x86_64 1.1 25.00 108.00 133.00 NOTE
r-devel-windows-ix86+x86_64-gcc8 1.1 14.00 95.00 109.00 NOTE
r-patched-linux-x86_64 1.1 7.10 54.43 61.53 NOTE
r-patched-solaris-x86 1.1 144.10 NOTE
r-release-linux-x86_64 1.1 7.26 53.37 60.63 NOTE
r-release-windows-ix86+x86_64 1.1 23.00 64.00 87.00 NOTE
r-release-osx-x86_64 1.1 NOTE
r-oldrel-windows-ix86+x86_64 1.1 10.00 76.00 86.00 NOTE
r-oldrel-osx-x86_64 1.1 NOTE

Check Details

Version: 1.1
Check: R code for possible problems
Result: NOTE
    MetSizeR : sim.pilot.data: no visible global function definition for
     'rnorm'
    MetSizeR : sim.pilot: no visible global function definition for
     'rgamma'
    MetSizeR : sim.pilot: no visible global function definition for 'rnorm'
    MetSizeR : samp.dist: no visible global function definition for 'var'
    MetSizeR : metsize: no visible global function definition for 'qnorm'
    MetSizeR : metsize: no visible global function definition for
     'quantile'
    MetSizeR : metsize: no visible global function definition for 'lm'
    MetSizeR : metsize: no visible global function definition for 'par'
    MetSizeR : metsize: no visible global function definition for 'plot'
    MetSizeR : metsize: no visible global function definition for 'lines'
    MetSizeR : metsize: no visible global function definition for 'abline'
    MetSizeR : metsize: no visible global function definition for 'legend'
    MetSizeR : metsize: no visible global function definition for 'arrows'
    MetSizeR : metsize: no visible global function definition for 'title'
    MetSizeR : metsize: no visible global function definition for 'text'
    MetSizeR : pilot.open: no visible global function definition for
     'read.table'
    MetSizeR : cov.open: no visible global function definition for
     'read.table'
    MetSizeR : demo.pilot.open: no visible global function definition for
     'read.table'
    MetSizeR : ssize.est : up.size: no visible global function definition
     for 'pdf'
    MetSizeR : ssize.est : up.size: no visible global function definition
     for 'dev.off'
    MetSizeR : <anonymous>: no visible global function definition for
     'help'
    Undefined global functions or variables:
     abline arrows dev.off help legend lines lm par pdf plot qnorm
     quantile read.table rgamma rnorm text title var
    Consider adding
     importFrom("grDevices", "dev.off", "pdf")
     importFrom("graphics", "abline", "arrows", "legend", "lines", "par",
     "plot", "text", "title")
     importFrom("stats", "lm", "qnorm", "quantile", "rgamma", "rnorm",
     "var")
     importFrom("utils", "help", "read.table")
    to your NAMESPACE file.
Flavors: r-devel-linux-x86_64-debian-clang, r-devel-linux-x86_64-debian-gcc, r-devel-linux-x86_64-fedora-clang, r-devel-linux-x86_64-fedora-gcc, r-devel-windows-ix86+x86_64, r-devel-windows-ix86+x86_64-gcc8, r-patched-linux-x86_64, r-patched-solaris-x86, r-release-linux-x86_64, r-release-windows-ix86+x86_64, r-release-osx-x86_64, r-oldrel-windows-ix86+x86_64, r-oldrel-osx-x86_64