Last updated on 2020-01-20 01:50:26 CET.
Flavor | Version | Tinstall | Tcheck | Ttotal | Status | Flags |
---|---|---|---|---|---|---|
r-devel-linux-x86_64-debian-clang | 0.1.1 | 757.36 | 127.51 | 884.87 | NOTE | |
r-devel-linux-x86_64-debian-gcc | 0.1.1 | 731.84 | 119.17 | 851.01 | NOTE | |
r-devel-linux-x86_64-fedora-clang | 0.1.1 | 1253.77 | NOTE | |||
r-devel-linux-x86_64-fedora-gcc | 0.1.1 | 1496.22 | NOTE | |||
r-devel-windows-ix86+x86_64 | 0.1.1 | 651.00 | 8.00 | 659.00 | ERROR | |
r-devel-windows-ix86+x86_64-gcc8 | 0.1.1 | 1460.00 | 333.00 | 1793.00 | NOTE | |
r-patched-linux-x86_64 | 0.1.1 | 743.23 | 136.73 | 879.96 | NOTE | |
r-patched-solaris-x86 | 0.1.1 | 1281.30 | NOTE | |||
r-release-linux-x86_64 | 0.1.1 | 758.47 | 132.94 | 891.41 | NOTE | |
r-release-windows-ix86+x86_64 | 0.1.1 | 1682.00 | 273.00 | 1955.00 | NOTE | |
r-release-osx-x86_64 | 0.1.1 | NOTE | ||||
r-oldrel-windows-ix86+x86_64 | 0.1.1 | 1244.00 | 201.00 | 1445.00 | NOTE | |
r-oldrel-osx-x86_64 | 0.1.1 | NOTE |
Version: 0.1.1
Check: for GNU extensions in Makefiles
Result: NOTE
GNU make is a SystemRequirements.
Flavors: r-devel-linux-x86_64-debian-clang, r-devel-linux-x86_64-debian-gcc, r-devel-linux-x86_64-fedora-clang, r-devel-linux-x86_64-fedora-gcc, r-devel-windows-ix86+x86_64-gcc8, r-patched-linux-x86_64, r-patched-solaris-x86, r-release-linux-x86_64, r-release-windows-ix86+x86_64, r-release-osx-x86_64, r-oldrel-windows-ix86+x86_64, r-oldrel-osx-x86_64
Version: 0.1.1
Check: installed package size
Result: NOTE
installed size is 112.3Mb
sub-directories of 1Mb or more:
libs 111.9Mb
Flavors: r-devel-linux-x86_64-fedora-clang, r-devel-windows-ix86+x86_64-gcc8, r-patched-solaris-x86, r-release-windows-ix86+x86_64, r-release-osx-x86_64, r-oldrel-windows-ix86+x86_64, r-oldrel-osx-x86_64
Version: 0.1.1
Check: whether package can be installed
Result: ERROR
Installation failed.
Flavor: r-devel-windows-ix86+x86_64