Last updated on 2020-01-20 01:50:27 CET.
Flavor | Version | Tinstall | Tcheck | Ttotal | Status | Flags |
---|---|---|---|---|---|---|
r-devel-linux-x86_64-debian-clang | 1.0.1 | 14.24 | 88.95 | 103.19 | NOTE | |
r-devel-linux-x86_64-debian-gcc | 1.0.1 | 11.27 | 70.07 | 81.34 | NOTE | |
r-devel-linux-x86_64-fedora-clang | 1.0.1 | 122.68 | NOTE | |||
r-devel-linux-x86_64-fedora-gcc | 1.0.1 | 123.91 | NOTE | |||
r-devel-windows-ix86+x86_64 | 1.0.1 | 45.00 | 212.00 | 257.00 | NOTE | |
r-devel-windows-ix86+x86_64-gcc8 | 1.0.1 | 28.00 | 219.00 | 247.00 | NOTE | |
r-patched-linux-x86_64 | 1.0.1 | 13.15 | 82.67 | 95.82 | NOTE | |
r-patched-solaris-x86 | 1.0.1 | 139.60 | NOTE | |||
r-release-linux-x86_64 | 1.0.1 | 13.98 | 83.79 | 97.77 | NOTE | |
r-release-windows-ix86+x86_64 | 1.0.1 | 28.00 | 202.00 | 230.00 | NOTE | |
r-release-osx-x86_64 | 1.0.1 | NOTE | ||||
r-oldrel-windows-ix86+x86_64 | 1.0.1 | 25.00 | 119.00 | 144.00 | NOTE | |
r-oldrel-osx-x86_64 | 1.0.1 | NOTE |
Version: 1.0.1
Check: DESCRIPTION meta-information
Result: NOTE
Malformed Description field: should contain one or more complete sentences.
Flavors: r-devel-linux-x86_64-debian-clang, r-devel-linux-x86_64-debian-gcc, r-devel-linux-x86_64-fedora-clang, r-devel-linux-x86_64-fedora-gcc, r-devel-windows-ix86+x86_64, r-devel-windows-ix86+x86_64-gcc8, r-patched-linux-x86_64, r-patched-solaris-x86, r-release-linux-x86_64, r-release-windows-ix86+x86_64, r-release-osx-x86_64, r-oldrel-windows-ix86+x86_64, r-oldrel-osx-x86_64
Version: 1.0.1
Check: data for non-ASCII characters
Result: NOTE
Note: found 170 marked UTF-8 strings
Flavors: r-devel-linux-x86_64-fedora-clang, r-devel-linux-x86_64-fedora-gcc, r-patched-solaris-x86, r-release-osx-x86_64, r-oldrel-osx-x86_64