Last updated on 2020-01-20 01:50:28 CET.
Flavor | Version | Tinstall | Tcheck | Ttotal | Status | Flags |
---|---|---|---|---|---|---|
r-devel-linux-x86_64-debian-clang | 3.0.1 | 10.67 | 121.75 | 132.42 | NOTE | |
r-devel-linux-x86_64-debian-gcc | 3.0.1 | 8.48 | 96.89 | 105.37 | NOTE | |
r-devel-linux-x86_64-fedora-clang | 3.0.1 | 152.42 | OK | |||
r-devel-linux-x86_64-fedora-gcc | 3.0.1 | 157.78 | OK | |||
r-devel-windows-ix86+x86_64 | 3.0.1 | 21.00 | 190.00 | 211.00 | NOTE | |
r-devel-windows-ix86+x86_64-gcc8 | 3.0.1 | 15.00 | 162.00 | 177.00 | NOTE | |
r-patched-linux-x86_64 | 3.0.1 | 7.43 | 109.18 | 116.61 | OK | |
r-patched-solaris-x86 | 3.0.1 | 186.10 | OK | |||
r-release-linux-x86_64 | 3.0.1 | 9.69 | 109.62 | 119.31 | OK | |
r-release-windows-ix86+x86_64 | 3.0.1 | 18.00 | 171.00 | 189.00 | OK | |
r-release-osx-x86_64 | 3.0.1 | OK | ||||
r-oldrel-windows-ix86+x86_64 | 3.0.0 | 17.00 | 124.00 | 141.00 | OK | |
r-oldrel-osx-x86_64 | 3.0.1 | ERROR |
Version: 3.0.1
Check: package vignettes
Result: NOTE
Package vignette with placeholder title 'Vignette Title':
'Dimensions_of_segregation.Rmd'
Flavors: r-devel-linux-x86_64-debian-clang, r-devel-linux-x86_64-debian-gcc, r-devel-windows-ix86+x86_64, r-devel-windows-ix86+x86_64-gcc8
Version: 3.0.1
Check: package dependencies
Result: ERROR
Package required and available but unsuitable version: ‘methods’
See section ‘The DESCRIPTION file’ in the ‘Writing R Extensions’
manual.
Flavor: r-oldrel-osx-x86_64