CRAN Package Check Results for Package OpenML

Last updated on 2020-01-20 01:50:28 CET.

Flavor Version Tinstall Tcheck Ttotal Status Flags
r-devel-linux-x86_64-debian-clang 1.10 8.57 62.90 71.47 OK
r-devel-linux-x86_64-debian-gcc 1.10 6.71 47.94 54.65 OK
r-devel-linux-x86_64-fedora-clang 1.10 96.22 OK
r-devel-linux-x86_64-fedora-gcc 1.10 90.05 OK
r-devel-windows-ix86+x86_64 1.10 24.00 110.00 134.00 OK
r-devel-windows-ix86+x86_64-gcc8 1.10 16.00 82.00 98.00 OK
r-patched-linux-x86_64 1.10 8.59 55.81 64.40 OK
r-patched-solaris-x86 1.10 113.60 NOTE
r-release-linux-x86_64 1.10 7.41 55.79 63.20 OK
r-release-windows-ix86+x86_64 1.10 23.00 93.00 116.00 OK
r-release-osx-x86_64 1.10 OK
r-oldrel-windows-ix86+x86_64 1.10 12.00 65.00 77.00 OK
r-oldrel-osx-x86_64 1.10 OK

Check Details

Version: 1.10
Check: package dependencies
Result: NOTE
    Package suggested but not available for checking: ‘RWeka’
Flavor: r-patched-solaris-x86