Last updated on 2020-01-20 01:50:28 CET.
Flavor | Version | Tinstall | Tcheck | Ttotal | Status | Flags |
---|---|---|---|---|---|---|
r-devel-linux-x86_64-debian-clang | 1.0.1 | 10.84 | 56.80 | 67.64 | NOTE | |
r-devel-linux-x86_64-debian-gcc | 1.0.1 | 8.65 | 42.62 | 51.27 | NOTE | |
r-devel-linux-x86_64-fedora-clang | 1.0.1 | 79.78 | NOTE | |||
r-devel-linux-x86_64-fedora-gcc | 1.0.1 | 78.73 | NOTE | |||
r-devel-windows-ix86+x86_64 | 1.0.1 | 26.00 | 86.00 | 112.00 | NOTE | |
r-devel-windows-ix86+x86_64-gcc8 | 1.0.1 | 17.00 | 70.00 | 87.00 | NOTE | |
r-patched-linux-x86_64 | 1.0.1 | 7.39 | 51.21 | 58.60 | NOTE | |
r-patched-solaris-x86 | 1.0.1 | 89.00 | NOTE | |||
r-release-linux-x86_64 | 1.0.1 | 9.20 | 51.40 | 60.60 | NOTE | |
r-release-windows-ix86+x86_64 | 1.0.1 | 18.00 | 81.00 | 99.00 | NOTE | |
r-release-osx-x86_64 | 1.0.1 | NOTE | ||||
r-oldrel-windows-ix86+x86_64 | 1.0.1 | 10.00 | 51.00 | 61.00 | NOTE | |
r-oldrel-osx-x86_64 | 1.0.1 | NOTE |
Version: 1.0.1
Check: package dependencies
Result: NOTE
Package which this enhances but not available for checking: 'gurobi'
Flavors: r-devel-linux-x86_64-debian-clang, r-devel-linux-x86_64-debian-gcc, r-devel-linux-x86_64-fedora-clang, r-devel-linux-x86_64-fedora-gcc, r-devel-windows-ix86+x86_64, r-devel-windows-ix86+x86_64-gcc8, r-patched-linux-x86_64, r-patched-solaris-x86, r-release-linux-x86_64, r-release-windows-ix86+x86_64, r-release-osx-x86_64, r-oldrel-windows-ix86+x86_64, r-oldrel-osx-x86_64
Version: 1.0.1
Check: dependencies in R code
Result: NOTE
No protocol specified
Flavors: r-release-osx-x86_64, r-oldrel-osx-x86_64