Last updated on 2020-01-20 01:50:31 CET.
Flavor | Version | Tinstall | Tcheck | Ttotal | Status | Flags |
---|---|---|---|---|---|---|
r-devel-linux-x86_64-debian-clang | 3.2.3 | 95.55 | 131.38 | 226.93 | OK | |
r-devel-linux-x86_64-debian-gcc | 3.2.3 | 79.01 | 99.10 | 178.11 | OK | |
r-devel-linux-x86_64-fedora-clang | 3.2.3 | 296.40 | NOTE | |||
r-devel-linux-x86_64-fedora-gcc | 3.2.3 | 294.93 | OK | |||
r-devel-windows-ix86+x86_64 | 3.2.3 | 201.00 | 272.00 | 473.00 | OK | |
r-devel-windows-ix86+x86_64-gcc8 | 3.2.3 | 161.00 | 209.00 | 370.00 | OK | |
r-patched-linux-x86_64 | 3.2.3 | 85.88 | 117.56 | 203.44 | OK | |
r-patched-solaris-x86 | 3.2.3 | 320.30 | OK | |||
r-release-linux-x86_64 | 3.2.3 | 79.31 | 116.52 | 195.83 | OK | |
r-release-windows-ix86+x86_64 | 3.2.3 | 196.00 | 249.00 | 445.00 | OK | |
r-release-osx-x86_64 | 3.2.3 | NOTE | ||||
r-oldrel-windows-ix86+x86_64 | 3.2.3 | 132.00 | 175.00 | 307.00 | OK | |
r-oldrel-osx-x86_64 | 3.2.3 | NOTE |
Version: 3.2.3
Check: installed package size
Result: NOTE
installed size is 16.2Mb
sub-directories of 1Mb or more:
libs 15.8Mb
Flavors: r-devel-linux-x86_64-fedora-clang, r-release-osx-x86_64, r-oldrel-osx-x86_64