CRAN Package Check Results for Package PUlasso

Last updated on 2020-01-20 01:50:31 CET.

Flavor Version Tinstall Tcheck Ttotal Status Flags
r-devel-linux-x86_64-debian-clang 3.2.3 185.89 97.83 283.72 OK
r-devel-linux-x86_64-debian-gcc 3.2.3 140.16 75.94 216.10 OK
r-devel-linux-x86_64-fedora-clang 3.2.3 412.82 NOTE
r-devel-linux-x86_64-fedora-gcc 3.2.3 392.72 OK
r-devel-windows-ix86+x86_64 3.2.3 393.00 222.00 615.00 OK
r-devel-windows-ix86+x86_64-gcc8 3.2.3 344.00 179.00 523.00 OK
r-patched-linux-x86_64 3.2.3 152.34 89.94 242.28 OK
r-patched-solaris-x86 3.2.3 340.40 OK
r-release-linux-x86_64 3.2.3 158.58 89.98 248.56 OK
r-release-windows-ix86+x86_64 3.2.3 423.00 204.00 627.00 OK
r-release-osx-x86_64 3.2.3 NOTE
r-oldrel-windows-ix86+x86_64 3.2.3 283.00 161.00 444.00 OK
r-oldrel-osx-x86_64 3.2.3 NOTE

Check Details

Version: 3.2.3
Check: installed package size
Result: NOTE
     installed size is 33.9Mb
     sub-directories of 1Mb or more:
     libs 33.5Mb
Flavors: r-devel-linux-x86_64-fedora-clang, r-release-osx-x86_64, r-oldrel-osx-x86_64