Last updated on 2020-01-20 01:50:29 CET.
Flavor | Version | Tinstall | Tcheck | Ttotal | Status | Flags |
---|---|---|---|---|---|---|
r-devel-linux-x86_64-debian-clang | 0.1.6 | 7.35 | 60.19 | 67.54 | NOTE | |
r-devel-linux-x86_64-debian-gcc | 0.1.6 | 5.47 | 54.27 | 59.74 | NOTE | |
r-devel-linux-x86_64-fedora-clang | 0.1.6 | 77.67 | NOTE | |||
r-devel-linux-x86_64-fedora-gcc | 0.1.6 | 77.21 | NOTE | |||
r-devel-windows-ix86+x86_64 | 0.1.6 | 33.00 | 108.00 | 141.00 | OK | |
r-devel-windows-ix86+x86_64-gcc8 | 0.1.6 | 17.00 | 78.00 | 95.00 | OK | |
r-patched-linux-x86_64 | 0.1.6 | 5.00 | 52.77 | 57.77 | OK | |
r-patched-solaris-x86 | 0.1.6 | 103.40 | OK | |||
r-release-linux-x86_64 | 0.1.6 | 5.40 | 54.99 | 60.39 | OK | |
r-release-windows-ix86+x86_64 | 0.1.6 | 24.00 | 97.00 | 121.00 | OK | |
r-release-osx-x86_64 | 0.1.6 | OK | ||||
r-oldrel-windows-ix86+x86_64 | 0.1.6 | 9.00 | 63.00 | 72.00 | OK | |
r-oldrel-osx-x86_64 | 0.1.6 | OK |
Version: 0.1.6
Check: for non-standard things in the check directory
Result: NOTE
Found the following files/directories:
'P2Run.csv' 'P2Run.html' 'P2Run.png'
Flavors: r-devel-linux-x86_64-debian-clang, r-devel-linux-x86_64-debian-gcc, r-devel-linux-x86_64-fedora-clang, r-devel-linux-x86_64-fedora-gcc