CRAN Package Check Results for Package QTL.gCIMapping.GUI

Last updated on 2020-01-20 01:50:32 CET.

Flavor Version Tinstall Tcheck Ttotal Status Flags
r-devel-linux-x86_64-debian-clang 2.0 29.28 112.83 142.11 OK
r-devel-linux-x86_64-debian-gcc 2.0 22.59 86.25 108.84 OK
r-devel-linux-x86_64-fedora-clang 2.0 179.39 OK
r-devel-linux-x86_64-fedora-gcc 2.0 165.74 OK
r-devel-windows-ix86+x86_64 2.0 85.00 229.00 314.00 OK
r-devel-windows-ix86+x86_64-gcc8 2.0 66.00 243.00 309.00 NOTE
r-patched-linux-x86_64 2.0 23.46 100.58 124.04 OK
r-patched-solaris-x86 2.0 206.40 OK
r-release-linux-x86_64 2.0 24.38 100.01 124.39 OK
r-release-windows-ix86+x86_64 2.0 89.00 213.00 302.00 OK
r-release-osx-x86_64 2.0 OK
r-oldrel-windows-ix86+x86_64 2.0 43.00 138.00 181.00 OK
r-oldrel-osx-x86_64 2.0 OK

Check Details

Version: 2.0
Check: installed package size
Result: NOTE
     installed size is 5.1Mb
     sub-directories of 1Mb or more:
     extdata 2.3Mb
     libs 2.0Mb
Flavor: r-devel-windows-ix86+x86_64-gcc8