Last updated on 2020-01-20 01:50:32 CET.
Flavor | Version | Tinstall | Tcheck | Ttotal | Status | Flags |
---|---|---|---|---|---|---|
r-devel-linux-x86_64-debian-clang | 1.0.0.6 | 12.17 | 134.29 | 146.46 | NOTE | |
r-devel-linux-x86_64-debian-gcc | 1.0.0.6 | 9.32 | 99.53 | 108.85 | NOTE | |
r-devel-linux-x86_64-fedora-clang | 1.0.0.6 | 171.45 | NOTE | |||
r-devel-linux-x86_64-fedora-gcc | 1.0.0.6 | 168.39 | NOTE | |||
r-devel-windows-ix86+x86_64 | 1.0.0.6 | 31.00 | 203.00 | 234.00 | OK | |
r-devel-windows-ix86+x86_64-gcc8 | 1.0.0.6 | 25.00 | 197.00 | 222.00 | OK | |
r-patched-linux-x86_64 | 1.0.0.6 | 11.35 | 116.81 | 128.16 | OK | |
r-patched-solaris-x86 | 1.0.0.6 | 222.60 | OK | |||
r-release-linux-x86_64 | 1.0.0.6 | 9.66 | 116.45 | 126.11 | OK | |
r-release-windows-ix86+x86_64 | 1.0.0.6 | 34.00 | 175.00 | 209.00 | OK | |
r-release-osx-x86_64 | 1.0.0.6 | OK | ||||
r-oldrel-windows-ix86+x86_64 | 1.0.0.6 | 12.00 | 127.00 | 139.00 | WARN | |
r-oldrel-osx-x86_64 | 1.0.0.6 | OK |
Version: 1.0.0.6
Check: for non-standard things in the check directory
Result: NOTE
Found the following files/directories:
'Example'
Flavors: r-devel-linux-x86_64-debian-clang, r-devel-linux-x86_64-debian-gcc, r-devel-linux-x86_64-fedora-clang, r-devel-linux-x86_64-fedora-gcc
Version: 1.0.0.6
Check: whether package can be installed
Result: WARN
Found the following significant warnings:
Warning: S3 methods '[.fun_list', '[.grouped_df', 'all.equal.tbl_df', 'anti_join.data.frame', 'anti_join.tbl_df', 'arrange.data.frame', 'arrange.default', 'arrange.grouped_df', 'arrange.tbl_df', 'arrange_.data.frame', 'arrange_.tbl_df', 'as.data.frame.grouped_df', 'as.data.frame.rowwise_df', 'as.data.frame.tbl_cube', 'as.table.tbl_cube', 'as.tbl.data.frame', 'as.tbl.tbl', 'as.tbl_cube.array', 'as.tbl_cube.data.frame', 'as.tbl_cube.matrix', 'as.tbl_cube.table', 'as_tibble.grouped_df', 'as_tibble.tbl_cube', 'auto_copy.tbl_cube', 'auto_copy.tbl_df', 'cbind.grouped_df', 'collapse.data.frame', 'collect.data.frame', 'common_by.NULL', 'common_by.character', 'common_by.default', 'common_by.list', 'compute.data.frame', 'copy_to.DBIConnection', 'copy_to.src_local', 'default_missing.data.frame', 'default_missing.default', 'dim.tbl_cube', 'distinct.data.frame', 'distinct.default', 'distinct.grouped_df', 'distinct.tbl_df', 'distinct_.data.frame', 'distinct_.grouped_df', 'distinct_.tbl_df', 'do.NULL', 'do.da [... truncated]
Flavor: r-oldrel-windows-ix86+x86_64