Last updated on 2020-01-20 01:50:33 CET.
Flavor | Version | Tinstall | Tcheck | Ttotal | Status | Flags |
---|---|---|---|---|---|---|
r-devel-linux-x86_64-debian-clang | 5.0-4 | 4.19 | 23.54 | 27.73 | OK | |
r-devel-linux-x86_64-debian-gcc | 5.0-4 | 3.63 | 18.32 | 21.95 | OK | |
r-devel-linux-x86_64-fedora-clang | 5.0-4 | 34.03 | NOTE | |||
r-devel-linux-x86_64-fedora-gcc | 5.0-4 | 33.46 | OK | |||
r-devel-windows-ix86+x86_64 | 5.0-4 | 15.00 | 43.00 | 58.00 | NOTE | |
r-devel-windows-ix86+x86_64-gcc8 | 5.0-4 | 10.00 | 42.00 | 52.00 | NOTE | |
r-patched-linux-x86_64 | 5.0-4 | 3.22 | 21.00 | 24.22 | OK | |
r-patched-solaris-x86 | 5.0-4 | 49.80 | NOTE | |||
r-release-linux-x86_64 | 5.0-4 | 3.49 | 21.01 | 24.50 | OK | |
r-release-windows-ix86+x86_64 | 5.0-4 | 14.00 | 42.00 | 56.00 | NOTE | |
r-release-osx-x86_64 | 5.0-4 | NOTE | ||||
r-oldrel-windows-ix86+x86_64 | 5.0-4 | 7.00 | 42.00 | 49.00 | NOTE | |
r-oldrel-osx-x86_64 | 5.0-4 | NOTE |
Version: 5.0-4
Check: installed package size
Result: NOTE
installed size is 10.9Mb
sub-directories of 1Mb or more:
java 10.8Mb
Flavors: r-devel-linux-x86_64-fedora-clang, r-devel-windows-ix86+x86_64, r-devel-windows-ix86+x86_64-gcc8, r-patched-solaris-x86, r-release-windows-ix86+x86_64, r-release-osx-x86_64, r-oldrel-windows-ix86+x86_64, r-oldrel-osx-x86_64