CRAN Package Check Results for Package RMySQL

Last updated on 2020-01-20 01:50:33 CET.

Flavor Version Tinstall Tcheck Ttotal Status Flags
r-devel-linux-x86_64-debian-clang 0.10.18 6.76 32.80 39.56 OK
r-devel-linux-x86_64-debian-gcc 0.10.18 5.80 25.75 31.55 OK
r-devel-linux-x86_64-fedora-clang 0.10.18 50.45 OK
r-devel-linux-x86_64-fedora-gcc 0.10.18 49.12 OK
r-devel-windows-ix86+x86_64 0.10.18 59.00 185.00 244.00 NOTE
r-devel-windows-ix86+x86_64-gcc8 0.10.18 36.00 180.00 216.00 NOTE
r-patched-linux-x86_64 0.10.18 4.65 29.15 33.80 OK
r-patched-solaris-x86 0.10.18 64.10 OK
r-release-linux-x86_64 0.10.18 5.26 29.62 34.88 OK
r-release-windows-ix86+x86_64 0.10.18 84.00 172.00 256.00 NOTE
r-release-osx-x86_64 0.10.18 OK
r-oldrel-windows-ix86+x86_64 0.10.18 31.00 145.00 176.00 NOTE
r-oldrel-osx-x86_64 0.10.18 OK

Check Details

Version: 0.10.18
Check: installed package size
Result: NOTE
     installed size is 6.6Mb
     sub-directories of 1Mb or more:
     libs 6.2Mb
Flavors: r-devel-windows-ix86+x86_64, r-devel-windows-ix86+x86_64-gcc8, r-release-windows-ix86+x86_64, r-oldrel-windows-ix86+x86_64