Last updated on 2020-01-20 01:50:33 CET.
Flavor | Version | Tinstall | Tcheck | Ttotal | Status | Flags |
---|---|---|---|---|---|---|
r-devel-linux-x86_64-debian-clang | 1.0-7 | 3.54 | 30.91 | 34.45 | NOTE | |
r-devel-linux-x86_64-debian-gcc | 1.0-7 | 3.33 | 24.42 | 27.75 | NOTE | |
r-devel-linux-x86_64-fedora-clang | 1.0-7 | 43.04 | WARN | |||
r-devel-linux-x86_64-fedora-gcc | 1.0-7 | 41.06 | NOTE | |||
r-devel-windows-ix86+x86_64 | 1.0-7 | 14.00 | 58.00 | 72.00 | NOTE | |
r-devel-windows-ix86+x86_64-gcc8 | 1.0-7 | 7.00 | 57.00 | 64.00 | NOTE | |
r-patched-linux-x86_64 | 1.0-7 | 3.74 | 28.44 | 32.18 | NOTE | |
r-patched-solaris-x86 | 1.0-7 | 61.80 | NOTE | |||
r-release-linux-x86_64 | 1.0-7 | 2.64 | 28.22 | 30.86 | NOTE | |
r-release-windows-ix86+x86_64 | 1.0-7 | 9.00 | 43.00 | 52.00 | NOTE | |
r-release-osx-x86_64 | 1.0-7 | NOTE | ||||
r-oldrel-windows-ix86+x86_64 | 1.0-7 | 5.00 | 56.00 | 61.00 | NOTE | |
r-oldrel-osx-x86_64 | 1.0-7 | NOTE |
Version: 1.0-7
Check: R code for possible problems
Result: NOTE
.combine.performance.objects: no visible global function definition for
'approxfun'
.get.arglist: no visible binding for global variable 'plot.default'
.get.arglist: no visible global function definition for 'par'
.get.arglist: no visible binding for global variable 'plot.xy'
.intersection.point: no visible global function definition for
'uniroot'
.performance.auc: no visible global function definition for 'approxfun'
.performance.calibration.error: no visible global function definition
for 'median'
.performance.chisq: no visible global function definition for
'chisq.test'
.performance.plot.canvas: no visible global function definition for
'axTicks'
.performance.plot.canvas: no visible global function definition for
'approxfun'
.performance.plot.canvas: no visible global function definition for
'rect'
.performance.plot.horizontal.avg: no visible global function definition
for 'approxfun'
.performance.plot.horizontal.avg : <anonymous>: no visible global
function definition for 'approxfun'
.performance.plot.horizontal.avg: no visible binding for global
variable 'sd'
.performance.plot.no.avg: no visible global function definition for
'xy.coords'
.performance.plot.no.avg: no visible global function definition for
'approxfun'
.performance.plot.threshold.avg: no visible global function definition
for 'approxfun'
.performance.plot.threshold.avg : <anonymous>: no visible global
function definition for 'approxfun'
.performance.plot.threshold.avg: no visible binding for global variable
'sd'
.performance.plot.vertical.avg: no visible global function definition
for 'approxfun'
.performance.plot.vertical.avg : <anonymous>: no visible global
function definition for 'approxfun'
.performance.plot.vertical.avg: no visible binding for global variable
'sd'
.performance.precision.recall.break.even.point: no visible global
function definition for 'uniroot'
.performance.precision.recall.break.even.point: no visible global
function definition for 'approxfun'
.performance.rocconvexhull: no visible global function definition for
'chull'
.plot.performance: no visible global function definition for 'rainbow'
plot,performance-missing: no visible global function definition for
'rainbow'
Undefined global functions or variables:
approxfun axTicks chisq.test chull median par plot.default plot.xy
rainbow rect sd uniroot xy.coords
Consider adding
importFrom("grDevices", "chull", "rainbow", "xy.coords")
importFrom("graphics", "axTicks", "par", "plot.default", "plot.xy",
"rect")
importFrom("stats", "approxfun", "chisq.test", "median", "sd",
"uniroot")
to your NAMESPACE file.
Flavors: r-devel-linux-x86_64-debian-clang, r-devel-linux-x86_64-debian-gcc, r-devel-linux-x86_64-fedora-clang, r-devel-linux-x86_64-fedora-gcc, r-devel-windows-ix86+x86_64, r-devel-windows-ix86+x86_64-gcc8, r-patched-linux-x86_64, r-patched-solaris-x86, r-release-linux-x86_64, r-release-windows-ix86+x86_64, r-release-osx-x86_64, r-oldrel-windows-ix86+x86_64, r-oldrel-osx-x86_64
Version: 1.0-7
Check: package dependencies
Result: WARN
Requires orphaned package: ‘gplots’
Flavor: r-devel-linux-x86_64-fedora-clang