CRAN Package Check Results for Package ROI.models.globalOptTests

Last updated on 2020-01-20 01:50:33 CET.

Flavor Version Tinstall Tcheck Ttotal Status Flags
r-devel-linux-x86_64-debian-clang 1.1 2.25 21.57 23.82 OK
r-devel-linux-x86_64-debian-gcc 1.1 1.73 17.54 19.27 OK
r-devel-linux-x86_64-fedora-clang 1.1 29.78 OK
r-devel-linux-x86_64-fedora-gcc 1.1 28.81 OK
r-devel-windows-ix86+x86_64 1.1 8.00 45.00 53.00 OK
r-devel-windows-ix86+x86_64-gcc8 1.1 6.00 46.00 52.00 OK
r-patched-linux-x86_64 1.1 1.56 20.18 21.74 OK
r-patched-solaris-x86 1.1 43.50 OK
r-release-linux-x86_64 1.1 1.56 20.16 21.72 OK
r-release-windows-ix86+x86_64 1.1 5.00 31.00 36.00 OK
r-release-osx-x86_64 1.1 OK
r-oldrel-windows-ix86+x86_64 1.1 3.00 30.00 33.00 OK
r-oldrel-osx-x86_64 1.1 NOTE

Check Details

Version: 1.1
Check: package dependencies
Result: NOTE
    Package suggested but not available for checking: ‘Rglpk’
Flavor: r-oldrel-osx-x86_64