CRAN Package Check Results for Package ROI.plugin.qpoases

Last updated on 2020-01-20 01:50:33 CET.

Flavor Version Tinstall Tcheck Ttotal Status Flags
r-devel-linux-x86_64-debian-clang 0.3-2 63.86 89.64 153.50 NOTE
r-devel-linux-x86_64-debian-gcc 0.3-2 39.67 61.74 101.41 NOTE
r-devel-linux-x86_64-fedora-clang 0.3-2 185.94 NOTE
r-devel-linux-x86_64-fedora-gcc 0.3-2 173.50 NOTE
r-devel-windows-ix86+x86_64 0.3-2 176.00 111.00 287.00 NOTE
r-devel-windows-ix86+x86_64-gcc8 0.3-2 147.00 104.00 251.00 NOTE
r-patched-linux-x86_64 0.3-2 45.91 75.62 121.53 NOTE
r-patched-solaris-x86 0.3-2 123.60 NOTE
r-release-linux-x86_64 0.3-2 45.75 74.52 120.27 NOTE
r-release-windows-ix86+x86_64 0.3-2 191.00 80.00 271.00 NOTE
r-release-osx-x86_64 0.3-2 NOTE
r-oldrel-windows-ix86+x86_64 0.3-2 102.00 70.00 172.00 OK
r-oldrel-osx-x86_64 0.3-2 OK

Check Details

Version: 0.3-2
Check: line endings in C/C++/Fortran sources/headers
Result: NOTE
    Found the following sources/headers with CR or CRLF line endings:
     src/qpoases/include/qpOASES.hpp
     src/qpoases/include/qpOASES/Constants.hpp
     src/qpoases/include/qpOASES/ConstraintProduct.hpp
     src/qpoases/include/qpOASES/Types.hpp
     src/qpoases/include/qpOASES/UnitTesting.hpp
     src/qpoases/include/qpOASES/Utils.hpp
    Some Unix compilers require LF line endings.
Flavors: r-devel-linux-x86_64-debian-clang, r-devel-linux-x86_64-debian-gcc, r-devel-linux-x86_64-fedora-clang, r-devel-linux-x86_64-fedora-gcc, r-devel-windows-ix86+x86_64, r-devel-windows-ix86+x86_64-gcc8, r-patched-linux-x86_64, r-patched-solaris-x86, r-release-linux-x86_64, r-release-windows-ix86+x86_64, r-release-osx-x86_64