Last updated on 2020-01-20 01:50:34 CET.
Flavor | Version | Tinstall | Tcheck | Ttotal | Status | Flags |
---|---|---|---|---|---|---|
r-devel-linux-x86_64-debian-clang | 2.4.0 | 27.15 | 153.86 | 181.01 | OK | |
r-devel-linux-x86_64-debian-gcc | 2.4.0 | 25.91 | 117.91 | 143.82 | OK | |
r-devel-linux-x86_64-fedora-clang | 2.4.0 | 220.81 | WARN | |||
r-devel-linux-x86_64-fedora-gcc | 2.4.0 | 218.77 | NOTE | |||
r-devel-windows-ix86+x86_64 | 2.0.3 | 78.00 | 235.00 | 313.00 | OK | |
r-devel-windows-ix86+x86_64-gcc8 | 2.4.0 | 71.00 | 238.00 | 309.00 | OK | |
r-patched-linux-x86_64 | 2.4.0 | 22.92 | 137.28 | 160.20 | OK | |
r-patched-solaris-x86 | 2.4.0 | 288.10 | NOTE | |||
r-release-linux-x86_64 | 2.4.0 | 24.41 | 138.49 | 162.90 | OK | |
r-release-windows-ix86+x86_64 | 2.4.0 | 65.00 | 249.00 | 314.00 | OK | |
r-release-osx-x86_64 | 2.4.0 | WARN | ||||
r-oldrel-windows-ix86+x86_64 | 2.0.3 | 53.00 | 153.00 | 206.00 | OK | |
r-oldrel-osx-x86_64 | 2.4.0 | ERROR |
Version: 2.4.0
Check: package dependencies
Result: WARN
Requires orphaned package: ‘geiger’
Flavor: r-devel-linux-x86_64-fedora-clang
Version: 2.4.0
Check: dependencies in R code
Result: NOTE
Namespace in Imports field not imported from: ‘mvMORPH’
All declared Imports should be used.
Flavors: r-devel-linux-x86_64-fedora-clang, r-devel-linux-x86_64-fedora-gcc, r-patched-solaris-x86
Version: 2.4.0
Check: whether package can be installed
Result: WARN
Found the following significant warnings:
Warning: 'rgl_init' failed, running with rgl.useNULL = TRUE
Flavor: r-release-osx-x86_64
Version: 2.4.0
Check: dependencies in R code
Result: NOTE
No protocol specified
Namespace in Imports field not imported from: ‘mvMORPH’
All declared Imports should be used.
Flavor: r-release-osx-x86_64
Version: 2.4.0
Check: S3 generic/method consistency
Result: WARN
No protocol specified
See section ‘Generic functions and methods’ in the ‘Writing R
Extensions’ manual.
Flavor: r-release-osx-x86_64
Version: 2.4.0
Check: replacement functions
Result: WARN
No protocol specified
The argument of a replacement function which corresponds to the right
hand side must be named ‘value’.
Flavor: r-release-osx-x86_64
Version: 2.4.0
Check: foreign function calls
Result: NOTE
No protocol specified
See chapter ‘System and foreign language interfaces’ in the ‘Writing R
Extensions’ manual.
Flavor: r-release-osx-x86_64
Version: 2.4.0
Check: R code for possible problems
Result: NOTE
No protocol specified
Flavor: r-release-osx-x86_64
Version: 2.4.0
Check: for missing documentation entries
Result: WARN
No protocol specified
All user-level objects in a package should have documentation entries.
See chapter ‘Writing R documentation files’ in the ‘Writing R
Extensions’ manual.
Flavor: r-release-osx-x86_64
Version: 2.4.0
Check: for code/documentation mismatches
Result: WARN
No protocol specified
No protocol specified
No protocol specified
Flavor: r-release-osx-x86_64
Version: 2.4.0
Check: Rd \usage sections
Result: NOTE
No protocol specified
The \usage entries for S3 methods should use the \method markup and not
their full name.
See chapter ‘Writing R documentation files’ in the ‘Writing R
Extensions’ manual.
Flavor: r-release-osx-x86_64
Version: 2.4.0
Check: whether package can be installed
Result: ERROR
Installation failed.
Flavor: r-oldrel-osx-x86_64