CRAN Package Check Results for Package RSA

Last updated on 2020-01-20 01:50:34 CET.

Flavor Version Tinstall Tcheck Ttotal Status Flags
r-devel-linux-x86_64-debian-clang 0.9.13 13.25 74.37 87.62 OK
r-devel-linux-x86_64-debian-gcc 0.9.13 10.12 56.86 66.98 OK
r-devel-linux-x86_64-fedora-clang 0.9.13 105.69 NOTE
r-devel-linux-x86_64-fedora-gcc 0.9.13 103.66 OK
r-devel-windows-ix86+x86_64 0.9.13 29.00 121.00 150.00 OK
r-devel-windows-ix86+x86_64-gcc8 0.9.13 20.00 114.00 134.00 OK
r-patched-linux-x86_64 0.9.13 11.05 66.34 77.39 OK
r-patched-solaris-x86 0.9.13 135.40 OK
r-release-linux-x86_64 0.9.13 9.34 66.28 75.62 OK
r-release-windows-ix86+x86_64 0.9.13 30.00 119.00 149.00 OK
r-release-osx-x86_64 0.9.13 FAIL
r-oldrel-windows-ix86+x86_64 0.9.13 12.00 71.00 83.00 OK
r-oldrel-osx-x86_64 0.9.13 OK

Check Details

Version: 0.9.13
Check: package dependencies
Result: NOTE
    Suggests orphaned package: ‘SDMTools’
Flavor: r-devel-linux-x86_64-fedora-clang

Version: 0.9.13
Check: whether package can be installed
Result: FAIL
Flavor: r-release-osx-x86_64