CRAN Package Check Results for Package RWiener

Last updated on 2020-01-20 01:50:34 CET.

Flavor Version Tinstall Tcheck Ttotal Status Flags
r-devel-linux-x86_64-debian-clang 1.3-1 5.23 50.09 55.32 WARN
r-devel-linux-x86_64-debian-gcc 1.3-1 3.79 35.47 39.26 OK
r-devel-linux-x86_64-fedora-clang 1.3-1 64.10 WARN
r-devel-linux-x86_64-fedora-gcc 1.3-1 62.43 OK
r-devel-windows-ix86+x86_64 1.3-1 22.00 82.00 104.00 OK
r-devel-windows-ix86+x86_64-gcc8 1.3-1 14.00 103.00 117.00 OK
r-patched-linux-x86_64 1.3-1 4.18 44.24 48.42 OK
r-patched-solaris-x86 1.3-1 71.70 OK
r-release-linux-x86_64 1.3-1 4.14 43.84 47.98 OK
r-release-windows-ix86+x86_64 1.3-1 18.00 81.00 99.00 OK
r-release-osx-x86_64 1.3-1 WARN
r-oldrel-windows-ix86+x86_64 1.3-1 11.00 111.00 122.00 OK
r-oldrel-osx-x86_64 1.3-1 WARN

Check Details

Version: 1.3-1
Check: whether package can be installed
Result: WARN
    Found the following significant warnings:
     qwiener.c:60:12: warning: explicitly assigning value of variable of type 'double' to itself [-Wself-assign]
     qwiener.c:69:12: warning: explicitly assigning value of variable of type 'double' to itself [-Wself-assign]
Flavors: r-devel-linux-x86_64-debian-clang, r-devel-linux-x86_64-fedora-clang, r-release-osx-x86_64, r-oldrel-osx-x86_64