CRAN Package Check Results for Package RcppXsimd

Last updated on 2020-01-20 01:50:32 CET.

Flavor Version Tinstall Tcheck Ttotal Status Flags
r-devel-linux-x86_64-debian-clang 7.1.4 20.35 48.97 69.32 OK
r-devel-linux-x86_64-debian-gcc 7.1.4 13.46 32.24 45.70 OK
r-devel-linux-x86_64-fedora-clang 7.1.4 85.20 OK
r-devel-linux-x86_64-fedora-gcc 7.1.4 79.02 OK
r-devel-windows-ix86+x86_64 7.1.4 53.00 106.00 159.00 OK
r-devel-windows-ix86+x86_64-gcc8 7.1.4 41.00 90.00 131.00 ERROR
r-patched-linux-x86_64 7.1.4 14.78 39.11 53.89 OK
r-patched-solaris-x86 7.1.4 84.80 OK
r-release-linux-x86_64 7.1.4 15.14 38.48 53.62 OK
r-release-windows-ix86+x86_64 7.1.4 55.00 100.00 155.00 OK
r-release-osx-x86_64 7.1.4 OK
r-oldrel-windows-ix86+x86_64 7.1.4 31.00 74.00 105.00 OK
r-oldrel-osx-x86_64 7.1.4 OK

Check Details

Version: 7.1.4
Check: running tests for arch ‘x64’
Result: ERROR
     Running 'testthat.R' [2s]
    Running the tests in 'tests/testthat.R' failed.
    Complete output:
     > library(testthat)
     > library(RcppXsimd)
     >
     > test_check("RcppXsimd")
Flavor: r-devel-windows-ix86+x86_64-gcc8