CRAN Package Check Results for Package SAMCpack

Last updated on 2020-01-20 01:50:34 CET.

Flavor Version Tinstall Tcheck Ttotal Status Flags
r-devel-linux-x86_64-debian-clang 0.1.1 78.54 236.10 314.64 OK
r-devel-linux-x86_64-debian-gcc 0.1.1 55.34 155.42 210.76 OK
r-devel-linux-x86_64-fedora-clang 0.1.1 378.13 NOTE
r-devel-linux-x86_64-fedora-gcc 0.1.1 391.59 OK
r-devel-windows-ix86+x86_64 0.1.1 176.00 104.00 280.00 WARN
r-devel-windows-ix86+x86_64-gcc8 0.1.1 147.00 74.00 221.00 WARN
r-patched-linux-x86_64 0.1.1 63.41 198.52 261.93 OK
r-patched-solaris-x86 0.1.1 142.70 WARN
r-release-linux-x86_64 0.1.1 62.12 199.62 261.74 OK
r-release-windows-ix86+x86_64 0.1.1 196.00 65.00 261.00 WARN
r-release-osx-x86_64 0.1.1 OK
r-oldrel-windows-ix86+x86_64 0.1.1 129.00 66.00 195.00 WARN
r-oldrel-osx-x86_64 0.1.1 OK

Check Details

Version: 0.1.1
Check: package dependencies
Result: NOTE
    Suggests orphaned package: ‘geoR’
Flavor: r-devel-linux-x86_64-fedora-clang

Version: 0.1.1
Check: re-building of vignette outputs
Result: WARN
    Error(s) in re-building vignettes:
    --- re-building 'R-versus-CPP.Rmd' using rmarkdown
    Quitting from lines 63-72 (R-versus-CPP.Rmd)
    Error: processing vignette 'R-versus-CPP.Rmd' failed with diagnostics:
    argument is of length zero
    --- failed re-building 'R-versus-CPP.Rmd'
    
    SUMMARY: processing the following file failed:
     'R-versus-CPP.Rmd'
    
    Error: Vignette re-building failed.
    Execution halted
Flavors: r-devel-windows-ix86+x86_64, r-devel-windows-ix86+x86_64-gcc8, r-release-windows-ix86+x86_64

Version: 0.1.1
Check: re-building of vignette outputs
Result: WARN
    Error(s) in re-building vignettes:
     ...
    --- re-building ‘R-versus-CPP.Rmd’ using rmarkdown
    Warning in engine$weave(file, quiet = quiet, encoding = enc) :
     Pandoc (>= 1.12.3) and/or pandoc-citeproc not available. Falling back to R Markdown v1.
    Quitting from lines 63-72 (R-versus-CPP.Rmd)
    Error: processing vignette 'R-versus-CPP.Rmd' failed with diagnostics:
    argument is of length zero
    --- failed re-building ‘R-versus-CPP.Rmd’
    
    SUMMARY: processing the following file failed:
     ‘R-versus-CPP.Rmd’
    
    Error: Vignette re-building failed.
    Execution halted
Flavor: r-patched-solaris-x86

Version: 0.1.1
Check: re-building of vignette outputs
Result: WARN
    Error in re-building vignettes:
     ...
    Quitting from lines 63-72 (R-versus-CPP.Rmd)
    Error: processing vignette 'R-versus-CPP.Rmd' failed with diagnostics:
    argument is of length zero
    Execution halted
Flavor: r-oldrel-windows-ix86+x86_64