Last updated on 2020-01-20 01:50:35 CET.
Flavor | Version | Tinstall | Tcheck | Ttotal | Status | Flags |
---|---|---|---|---|---|---|
r-devel-linux-x86_64-debian-clang | 1.2.0 | 9.36 | 97.21 | 106.57 | NOTE | |
r-devel-linux-x86_64-debian-gcc | 1.2.0 | 7.99 | 75.56 | 83.55 | NOTE | |
r-devel-linux-x86_64-fedora-clang | 1.2.0 | 128.74 | NOTE | |||
r-devel-linux-x86_64-fedora-gcc | 1.2.0 | 124.28 | NOTE | |||
r-devel-windows-ix86+x86_64 | 1.2.0 | 25.00 | 162.00 | 187.00 | OK | |
r-devel-windows-ix86+x86_64-gcc8 | 1.2.0 | 20.00 | 117.00 | 137.00 | OK | |
r-patched-linux-x86_64 | 1.2.0 | 8.94 | 86.61 | 95.55 | OK | |
r-patched-solaris-x86 | 1.2.0 | 172.50 | OK | |||
r-release-linux-x86_64 | 1.2.0 | 8.30 | 86.82 | 95.12 | OK | |
r-release-windows-ix86+x86_64 | 1.2.0 | 25.00 | 101.00 | 126.00 | OK | |
r-release-osx-x86_64 | 1.2.0 | OK | ||||
r-oldrel-windows-ix86+x86_64 | 1.2.0 | 11.00 | 105.00 | 116.00 | OK | |
r-oldrel-osx-x86_64 | 1.2.0 | OK |
Version: 1.2.0
Check: for non-standard things in the check directory
Result: NOTE
Found the following files/directories:
'graphs' 'output'
Flavors: r-devel-linux-x86_64-debian-clang, r-devel-linux-x86_64-debian-gcc, r-devel-linux-x86_64-fedora-clang, r-devel-linux-x86_64-fedora-gcc