Last updated on 2020-01-20 01:50:35 CET.
Flavor | Version | Tinstall | Tcheck | Ttotal | Status | Flags |
---|---|---|---|---|---|---|
r-devel-linux-x86_64-debian-clang | 1.4 | 2.37 | 31.31 | 33.68 | OK | |
r-devel-linux-x86_64-debian-gcc | 1.4 | 1.91 | 24.18 | 26.09 | OK | |
r-devel-linux-x86_64-fedora-clang | 1.4 | 41.75 | NOTE | |||
r-devel-linux-x86_64-fedora-gcc | 1.4 | 40.03 | NOTE | |||
r-devel-windows-ix86+x86_64 | 1.4 | 8.00 | 70.00 | 78.00 | OK | |
r-devel-windows-ix86+x86_64-gcc8 | 1.4 | 6.00 | 46.00 | 52.00 | OK | |
r-patched-linux-x86_64 | 1.4 | 1.63 | 28.60 | 30.23 | OK | |
r-patched-solaris-x86 | 1.4 | 55.80 | NOTE | |||
r-release-linux-x86_64 | 1.4 | 1.43 | 28.44 | 29.87 | OK | |
r-release-windows-ix86+x86_64 | 1.4 | 7.00 | 61.00 | 68.00 | OK | |
r-release-osx-x86_64 | 1.4 | NOTE | ||||
r-oldrel-windows-ix86+x86_64 | 1.4 | 3.00 | 40.00 | 43.00 | OK | |
r-oldrel-osx-x86_64 | 1.4 | NOTE |
Version: 1.4
Check: dependencies in R code
Result: NOTE
Namespace in Imports field not imported from: ‘FD’
All declared Imports should be used.
Flavors: r-devel-linux-x86_64-fedora-clang, r-devel-linux-x86_64-fedora-gcc, r-patched-solaris-x86, r-release-osx-x86_64, r-oldrel-osx-x86_64