CRAN Package Check Results for Package SemNetCleaner

Last updated on 2020-01-20 01:50:35 CET.

Flavor Version Tinstall Tcheck Ttotal Status Flags
r-devel-linux-x86_64-debian-clang 1.1.3 4.06 51.07 55.13 OK
r-devel-linux-x86_64-debian-gcc 1.1.3 3.14 35.54 38.68 OK
r-devel-linux-x86_64-fedora-clang 1.1.3 61.80 NOTE
r-devel-linux-x86_64-fedora-gcc 1.1.3 54.80 NOTE
r-devel-windows-ix86+x86_64 1.1.3 11.00 77.00 88.00 OK
r-devel-windows-ix86+x86_64-gcc8 1.1.3 8.00 62.00 70.00 OK
r-patched-linux-x86_64 1.1.3 3.96 41.14 45.10 OK
r-patched-solaris-x86 1.1.3 85.40 NOTE
r-release-linux-x86_64 1.1.3 3.99 40.83 44.82 OK
r-release-windows-ix86+x86_64 1.1.3 9.00 54.00 63.00 OK
r-release-osx-x86_64 1.1.3 ERROR
r-oldrel-windows-ix86+x86_64 1.1.3 5.00 51.00 56.00 OK
r-oldrel-osx-x86_64 1.1.3 ERROR

Check Details

Version: 1.1.3
Check: data for non-ASCII characters
Result: NOTE
     Note: found 1 marked UTF-8 string
Flavors: r-devel-linux-x86_64-fedora-clang, r-devel-linux-x86_64-fedora-gcc, r-patched-solaris-x86, r-release-osx-x86_64, r-oldrel-osx-x86_64

Version: 1.1.3
Check: dependencies in R code
Result: NOTE
    No protocol specified
    No protocol specified
Flavors: r-release-osx-x86_64, r-oldrel-osx-x86_64

Version: 1.1.3
Check: examples
Result: ERROR
    Running examples in ‘SemNetCleaner-Ex.R’ failed
    The error most likely occurred in:
    
    > ### Name: bin2resp
    > ### Title: Binary Responses to Character Responses
    > ### Aliases: bin2resp
    >
    > ### ** Examples
    >
    > # Toy example
    > raw <- open.animals[c(1:10),-c(1:3)]
    >
    > # Clean and prepocess data
    > clean <- textcleaner(raw, partBY = "row", dictionary = "animals")
    IDs refer to row number
    No protocol specified
    No protocol specified
    Warning in fun(libname, pkgname) : couldn't connect to display ":0"
    Error in structure(.External(.C_dotTclObjv, objv), class = "tclObj") :
     [tcl] invalid command name "toplevel".
    Calls: textcleaner ... tktoplevel -> tkwidget -> tcl -> .Tcl.objv -> structure
    Execution halted
Flavors: r-release-osx-x86_64, r-oldrel-osx-x86_64