Last updated on 2020-01-20 01:50:35 CET.
Flavor | Version | Tinstall | Tcheck | Ttotal | Status | Flags |
---|---|---|---|---|---|---|
r-devel-linux-x86_64-debian-clang | 1.2.0 | 7.22 | 150.39 | 157.61 | OK | |
r-devel-linux-x86_64-debian-gcc | 1.2.0 | 5.14 | 111.74 | 116.88 | OK | |
r-devel-linux-x86_64-fedora-clang | 1.2.0 | 183.73 | NOTE | |||
r-devel-linux-x86_64-fedora-gcc | 1.2.0 | 179.51 | NOTE | |||
r-devel-windows-ix86+x86_64 | 1.2.0 | 17.00 | 252.00 | 269.00 | OK | |
r-devel-windows-ix86+x86_64-gcc8 | 1.2.0 | 10.00 | 177.00 | 187.00 | OK | |
r-patched-linux-x86_64 | 1.2.0 | 4.55 | 135.20 | 139.75 | OK | |
r-patched-solaris-x86 | 1.2.0 | 209.50 | NOTE | |||
r-release-linux-x86_64 | 1.2.0 | 5.08 | 135.66 | 140.74 | OK | |
r-release-windows-ix86+x86_64 | 1.2.0 | 14.00 | 223.00 | 237.00 | OK | |
r-release-osx-x86_64 | 1.2.0 | NOTE | ||||
r-oldrel-windows-ix86+x86_64 | 1.2.0 | 8.00 | 176.00 | 184.00 | OK | |
r-oldrel-osx-x86_64 | 1.2.0 | NOTE |
Version: 1.2.0
Check: dependencies in R code
Result: NOTE
Namespace in Imports field not imported from: ‘methods’
All declared Imports should be used.
Flavors: r-devel-linux-x86_64-fedora-clang, r-devel-linux-x86_64-fedora-gcc, r-patched-solaris-x86, r-release-osx-x86_64, r-oldrel-osx-x86_64