Last updated on 2020-01-20 01:50:35 CET.
Flavor | Version | Tinstall | Tcheck | Ttotal | Status | Flags |
---|---|---|---|---|---|---|
r-devel-linux-x86_64-debian-clang | 0.1 | 7.63 | 60.14 | 67.77 | NOTE | |
r-devel-linux-x86_64-debian-gcc | 0.1 | 6.38 | 47.39 | 53.77 | NOTE | |
r-devel-linux-x86_64-fedora-clang | 0.1 | 81.22 | NOTE | |||
r-devel-linux-x86_64-fedora-gcc | 0.1 | 78.83 | NOTE | |||
r-devel-windows-ix86+x86_64 | 0.1 | 19.00 | 69.00 | 88.00 | OK | |
r-devel-windows-ix86+x86_64-gcc8 | 0.1 | 13.00 | 69.00 | 82.00 | OK | |
r-patched-linux-x86_64 | 0.1 | 5.80 | 53.74 | 59.54 | OK | |
r-patched-solaris-x86 | 0.1 | 113.00 | OK | |||
r-release-linux-x86_64 | 0.1 | 5.15 | 53.52 | 58.67 | OK | |
r-release-windows-ix86+x86_64 | 0.1 | 18.00 | 68.00 | 86.00 | OK | |
r-release-osx-x86_64 | 0.1 | OK | ||||
r-oldrel-windows-ix86+x86_64 | 0.1 | 7.00 | 83.00 | 90.00 | OK | |
r-oldrel-osx-x86_64 | 0.1 | OK |
Version: 0.1
Check: for non-standard things in the check directory
Result: NOTE
Found the following files/directories:
'database.csv' 'output.csv' 'output_clst.csv'
Flavors: r-devel-linux-x86_64-debian-clang, r-devel-linux-x86_64-debian-gcc, r-devel-linux-x86_64-fedora-clang, r-devel-linux-x86_64-fedora-gcc