CRAN Package Check Results for Package SimPhe

Last updated on 2020-01-20 01:50:35 CET.

Flavor Version Tinstall Tcheck Ttotal Status Flags
r-devel-linux-x86_64-debian-clang 0.2.0 3.39 30.06 33.45 NOTE
r-devel-linux-x86_64-debian-gcc 0.2.0 2.45 23.23 25.68 NOTE
r-devel-linux-x86_64-fedora-clang 0.2.0 40.17 NOTE
r-devel-linux-x86_64-fedora-gcc 0.2.0 39.00 NOTE
r-devel-windows-ix86+x86_64 0.2.0 12.00 67.00 79.00 OK
r-devel-windows-ix86+x86_64-gcc8 0.2.0 7.00 45.00 52.00 OK
r-patched-linux-x86_64 0.2.0 2.63 27.04 29.67 OK
r-patched-solaris-x86 0.2.0 53.00 OK
r-release-linux-x86_64 0.2.0 2.66 27.02 29.68 OK
r-release-windows-ix86+x86_64 0.2.0 9.00 61.00 70.00 OK
r-release-osx-x86_64 0.2.0 OK
r-oldrel-windows-ix86+x86_64 0.2.0 4.00 39.00 43.00 OK
r-oldrel-osx-x86_64 0.2.0 OK

Check Details

Version: 0.2.0
Check: for non-standard things in the check directory
Result: NOTE
    Found the following files/directories:
     'simu.pheno' 'usedpars.txt'
Flavors: r-devel-linux-x86_64-debian-clang, r-devel-linux-x86_64-debian-gcc, r-devel-linux-x86_64-fedora-clang, r-devel-linux-x86_64-fedora-gcc