Last updated on 2020-01-20 01:50:35 CET.
Flavor | Version | Tinstall | Tcheck | Ttotal | Status | Flags |
---|---|---|---|---|---|---|
r-devel-linux-x86_64-debian-clang | 0.6.0 | 7.68 | 19.58 | 27.26 | OK | |
r-devel-linux-x86_64-debian-gcc | 0.6.0 | 5.09 | 16.20 | 21.29 | OK | |
r-devel-linux-x86_64-fedora-clang | 0.6.0 | 34.67 | NOTE | |||
r-devel-linux-x86_64-fedora-gcc | 0.6.0 | 32.14 | NOTE | |||
r-devel-windows-ix86+x86_64 | 0.6.0 | 44.00 | 47.00 | 91.00 | OK | |
r-devel-windows-ix86+x86_64-gcc8 | 0.6.0 | 28.00 | 44.00 | 72.00 | OK | |
r-patched-linux-x86_64 | 0.6.0 | 5.43 | 18.44 | 23.87 | OK | |
r-patched-solaris-x86 | 0.6.0 | 64.00 | OK | |||
r-release-linux-x86_64 | 0.6.0 | 5.62 | 18.61 | 24.23 | OK | |
r-release-windows-ix86+x86_64 | 0.6.0 | 29.00 | 50.00 | 79.00 | OK | |
r-release-osx-x86_64 | 0.6.0 | OK | ||||
r-oldrel-windows-ix86+x86_64 | 0.6.0 | 27.00 | 37.00 | 64.00 | OK | |
r-oldrel-osx-x86_64 | 0.6.0 | OK |
Version: 0.6.0
Check: compiled code
Result: NOTE
File ‘SnowballC/libs/SnowballC.so’:
Found no calls to: ‘R_registerRoutines’, ‘R_useDynamicSymbols’
It is good practice to register native routines and to disable symbol
search.
See ‘Writing portable packages’ in the ‘Writing R Extensions’ manual.
Flavors: r-devel-linux-x86_64-fedora-clang, r-devel-linux-x86_64-fedora-gcc