CRAN Package Check Results for Package SpatialVx

Last updated on 2020-01-20 01:50:36 CET.

Flavor Version Tinstall Tcheck Ttotal Status Flags
r-devel-linux-x86_64-debian-clang 0.6-5 25.60 218.41 244.01 OK
r-devel-linux-x86_64-debian-gcc 0.6-5 22.46 163.53 185.99 OK
r-devel-linux-x86_64-fedora-clang 0.6-5 292.15 OK
r-devel-linux-x86_64-fedora-gcc 0.6-5 204.47 OK
r-devel-windows-ix86+x86_64 0.6-5 66.00 331.00 397.00 OK
r-devel-windows-ix86+x86_64-gcc8 0.6-5 40.00 263.00 303.00 OK
r-patched-linux-x86_64 0.6-5 22.05 189.83 211.88 OK
r-patched-solaris-x86 0.6-5 389.10 NOTE
r-release-linux-x86_64 0.6-5 24.01 189.39 213.40 OK
r-release-windows-ix86+x86_64 0.6-5 53.00 210.00 263.00 OK
r-release-osx-x86_64 0.6-5 OK
r-oldrel-windows-ix86+x86_64 0.6-5 30.00 211.00 241.00 OK
r-oldrel-osx-x86_64 0.6-5 OK

Check Details

Version: 0.6-5
Check: installed package size
Result: NOTE
     installed size is 5.1Mb
     sub-directories of 1Mb or more:
     data 3.6Mb
Flavor: r-patched-solaris-x86