Last updated on 2020-01-20 01:50:36 CET.
Flavor | Version | Tinstall | Tcheck | Ttotal | Status | Flags |
---|---|---|---|---|---|---|
r-devel-linux-x86_64-debian-clang | 2.19.0 | 29.06 | 392.73 | 421.79 | OK | |
r-devel-linux-x86_64-debian-gcc | 2.19.0 | 17.78 | 295.71 | 313.49 | OK | |
r-devel-linux-x86_64-fedora-clang | 2.19.0 | 471.31 | NOTE | |||
r-devel-linux-x86_64-fedora-gcc | 2.19.0 | 525.28 | OK | |||
r-devel-windows-ix86+x86_64 | 2.19.0 | 158.00 | 550.00 | 708.00 | NOTE | |
r-devel-windows-ix86+x86_64-gcc8 | 2.19.0 | 99.00 | 481.00 | 580.00 | NOTE | |
r-patched-linux-x86_64 | 2.19.0 | 18.86 | 372.00 | 390.86 | OK | |
r-patched-solaris-x86 | 2.21.0-1 | 1134.70 | NOTE | |||
r-release-linux-x86_64 | 2.19.0 | 19.86 | 377.12 | 396.98 | OK | |
r-release-windows-ix86+x86_64 | 2.19.0 | 139.00 | 532.00 | 671.00 | NOTE | |
r-release-osx-x86_64 | 2.19.0 | NOTE | ||||
r-oldrel-windows-ix86+x86_64 | 2.19.0 | 99.00 | 413.00 | 512.00 | NOTE | |
r-oldrel-osx-x86_64 | 2.19.0 | NOTE |
Version: 2.19.0
Check: installed package size
Result: NOTE
installed size is 13.3Mb
sub-directories of 1Mb or more:
include 10.3Mb
lib 2.8Mb
Flavors: r-devel-linux-x86_64-fedora-clang, r-devel-windows-ix86+x86_64, r-devel-windows-ix86+x86_64-gcc8, r-release-windows-ix86+x86_64, r-release-osx-x86_64, r-oldrel-windows-ix86+x86_64, r-oldrel-osx-x86_64
Version: 2.21.0-1
Check: installed package size
Result: NOTE
installed size is 7.4Mb
sub-directories of 1Mb or more:
include 6.7Mb
Flavor: r-patched-solaris-x86