Last updated on 2020-01-20 01:50:37 CET.
Flavor | Version | Tinstall | Tcheck | Ttotal | Status | Flags |
---|---|---|---|---|---|---|
r-devel-linux-x86_64-debian-clang | 1.6.9 | 115.37 | 85.86 | 201.23 | OK | |
r-devel-linux-x86_64-debian-gcc | 1.6.9 | 107.73 | 65.25 | 172.98 | OK | |
r-devel-linux-x86_64-fedora-clang | 1.6.9 | 272.00 | NOTE | |||
r-devel-linux-x86_64-fedora-gcc | 1.6.9 | 289.86 | NOTE | |||
r-devel-windows-ix86+x86_64 | 1.6.9 | 246.00 | 207.00 | 453.00 | OK | |
r-devel-windows-ix86+x86_64-gcc8 | 1.6.9 | 181.00 | 180.00 | 361.00 | NOTE | |
r-patched-linux-x86_64 | 1.6.9 | 103.75 | 81.72 | 185.47 | OK | |
r-patched-solaris-x86 | 1.6.9 | 277.60 | NOTE | |||
r-release-linux-x86_64 | 1.6.9 | 108.12 | 81.27 | 189.39 | OK | |
r-release-windows-ix86+x86_64 | 1.6.9 | 248.00 | 193.00 | 441.00 | OK | |
r-release-osx-x86_64 | 1.6.9 | NOTE | ||||
r-oldrel-windows-ix86+x86_64 | 1.6.9 | 177.00 | 148.00 | 325.00 | OK | |
r-oldrel-osx-x86_64 | 1.6.9 | NOTE |
Version: 1.6.9
Check: installed package size
Result: NOTE
installed size is 31.8Mb
sub-directories of 1Mb or more:
libs 30.5Mb
Flavors: r-devel-linux-x86_64-fedora-clang, r-devel-windows-ix86+x86_64-gcc8, r-release-osx-x86_64, r-oldrel-osx-x86_64
Version: 1.6.9
Check: dependencies in R code
Result: NOTE
Namespace in Imports field not imported from: ‘scales’
All declared Imports should be used.
Flavors: r-devel-linux-x86_64-fedora-clang, r-devel-linux-x86_64-fedora-gcc, r-patched-solaris-x86, r-release-osx-x86_64, r-oldrel-osx-x86_64