Last updated on 2020-01-20 01:50:37 CET.
Flavor | Version | Tinstall | Tcheck | Ttotal | Status | Flags |
---|---|---|---|---|---|---|
r-devel-linux-x86_64-debian-clang | 1.0 | 5.48 | 34.93 | 40.41 | NOTE | |
r-devel-linux-x86_64-debian-gcc | 1.0 | 4.41 | 27.33 | 31.74 | NOTE | |
r-devel-linux-x86_64-fedora-clang | 1.0 | 48.23 | NOTE | |||
r-devel-linux-x86_64-fedora-gcc | 1.0 | 46.40 | NOTE | |||
r-devel-windows-ix86+x86_64 | 1.0 | 18.00 | 72.00 | 90.00 | NOTE | |
r-devel-windows-ix86+x86_64-gcc8 | 1.0 | 9.00 | 60.00 | 69.00 | NOTE | |
r-patched-linux-x86_64 | 1.0 | 4.27 | 32.16 | 36.43 | NOTE | |
r-patched-solaris-x86 | 1.0 | 60.60 | NOTE | |||
r-release-linux-x86_64 | 1.0 | 3.49 | 32.29 | 35.78 | NOTE | |
r-release-windows-ix86+x86_64 | 1.0 | 12.00 | 50.00 | 62.00 | NOTE | |
r-release-osx-x86_64 | 1.0 | NOTE | ||||
r-oldrel-windows-ix86+x86_64 | 1.0 | 6.00 | 42.00 | 48.00 | NOTE | |
r-oldrel-osx-x86_64 | 1.0 | NOTE |
Version: 1.0
Check: R code for possible problems
Result: NOTE
search_collection: no visible global function definition for
'URLencode'
search_company: no visible global function definition for 'URLencode'
search_keyword: no visible global function definition for 'URLencode'
search_list: no visible global function definition for 'URLencode'
search_movie: no visible global function definition for 'URLencode'
search_multi: no visible global function definition for 'URLencode'
search_person: no visible global function definition for 'URLencode'
search_tv: no visible global function definition for 'URLencode'
Undefined global functions or variables:
URLencode
Consider adding
importFrom("utils", "URLencode")
to your NAMESPACE file.
Flavors: r-devel-linux-x86_64-debian-clang, r-devel-linux-x86_64-debian-gcc, r-devel-linux-x86_64-fedora-clang, r-devel-linux-x86_64-fedora-gcc, r-devel-windows-ix86+x86_64, r-devel-windows-ix86+x86_64-gcc8, r-patched-linux-x86_64, r-patched-solaris-x86, r-release-linux-x86_64, r-release-windows-ix86+x86_64, r-release-osx-x86_64, r-oldrel-windows-ix86+x86_64, r-oldrel-osx-x86_64