Last updated on 2020-01-20 01:50:37 CET.
Flavor | Version | Tinstall | Tcheck | Ttotal | Status | Flags |
---|---|---|---|---|---|---|
r-devel-linux-x86_64-debian-clang | 1.1.0 | 10.49 | 174.67 | 185.16 | OK | |
r-devel-linux-x86_64-debian-gcc | 1.1.0 | 7.95 | 124.04 | 131.99 | OK | |
r-devel-linux-x86_64-fedora-clang | 1.1.0 | 208.50 | OK | |||
r-devel-linux-x86_64-fedora-gcc | 1.1.0 | 199.87 | OK | |||
r-devel-windows-ix86+x86_64 | 1.1.0 | 28.00 | 235.00 | 263.00 | OK | |
r-devel-windows-ix86+x86_64-gcc8 | 1.1.0 | 24.00 | 200.00 | 224.00 | OK | |
r-patched-linux-x86_64 | 1.1.0 | 8.24 | 152.75 | 160.99 | OK | |
r-patched-solaris-x86 | 1.1.0 | 294.30 | OK | |||
r-release-linux-x86_64 | 1.1.0 | 7.90 | 152.97 | 160.87 | OK | |
r-release-windows-ix86+x86_64 | 1.1.0 | 29.00 | 227.00 | 256.00 | OK | |
r-release-osx-x86_64 | 1.1.0 | OK | ||||
r-oldrel-windows-ix86+x86_64 | 1.1.0 | 9.00 | 157.00 | 166.00 | WARN | |
r-oldrel-osx-x86_64 | 1.1.0 | OK |
Version: 1.1.0
Check: whether package can be installed
Result: WARN
Found the following significant warnings:
Warning: S3 methods '[.fun_list', '[.grouped_df', 'all.equal.tbl_df', 'anti_join.data.frame', 'anti_join.tbl_df', 'arrange.data.frame', 'arrange.default', 'arrange.grouped_df', 'arrange.tbl_df', 'arrange_.data.frame', 'arrange_.tbl_df', 'as.data.frame.grouped_df', 'as.data.frame.rowwise_df', 'as.data.frame.tbl_cube', 'as.table.tbl_cube', 'as.tbl.data.frame', 'as.tbl.tbl', 'as.tbl_cube.array', 'as.tbl_cube.data.frame', 'as.tbl_cube.matrix', 'as.tbl_cube.table', 'as_tibble.grouped_df', 'as_tibble.tbl_cube', 'auto_copy.tbl_cube', 'auto_copy.tbl_df', 'cbind.grouped_df', 'collapse.data.frame', 'collect.data.frame', 'common_by.NULL', 'common_by.character', 'common_by.default', 'common_by.list', 'compute.data.frame', 'copy_to.DBIConnection', 'copy_to.src_local', 'default_missing.data.frame', 'default_missing.default', 'dim.tbl_cube', 'distinct.data.frame', 'distinct.default', 'distinct.grouped_df', 'distinct.tbl_df', 'distinct_.data.frame', 'distinct_.grouped_df', 'distinct_.tbl_df', 'do.NULL', 'do.da [... truncated]
Flavor: r-oldrel-windows-ix86+x86_64