CRAN Package Check Results for Package ZipRadius

Last updated on 2020-01-20 01:50:39 CET.

Flavor Version Tinstall Tcheck Ttotal Status Flags
r-devel-linux-x86_64-debian-clang 1.0.1 5.53 43.40 48.93 NOTE
r-devel-linux-x86_64-debian-gcc 1.0.1 4.64 33.77 38.41 NOTE
r-devel-linux-x86_64-fedora-clang 1.0.1 59.98 NOTE
r-devel-linux-x86_64-fedora-gcc 1.0.1 56.64 NOTE
r-devel-windows-ix86+x86_64 1.0.1 21.00 90.00 111.00 NOTE
r-devel-windows-ix86+x86_64-gcc8 1.0.1 14.00 69.00 83.00 NOTE
r-patched-linux-x86_64 1.0.1 4.70 38.65 43.35 OK
r-patched-solaris-x86 1.0.1 81.30 NOTE
r-release-linux-x86_64 1.0.1 4.65 38.46 43.11 OK
r-release-windows-ix86+x86_64 1.0.1 18.00 89.00 107.00 OK
r-release-osx-x86_64 1.0.1 NOTE
r-oldrel-windows-ix86+x86_64 1.0.1 7.00 53.00 60.00 OK
r-oldrel-osx-x86_64 1.0.1 WARN

Check Details

Version: 1.0.1
Check: package vignettes
Result: NOTE
    Package vignette with placeholder title 'Vignette Title':
     'ZipRadius.Rmd'
Flavors: r-devel-linux-x86_64-debian-clang, r-devel-linux-x86_64-debian-gcc, r-devel-windows-ix86+x86_64, r-devel-windows-ix86+x86_64-gcc8

Version: 1.0.1
Check: dependencies in R code
Result: NOTE
    Namespaces in Imports field not imported from:
     ‘ggplot2’ ‘testthat’
     All declared Imports should be used.
Flavors: r-devel-linux-x86_64-fedora-clang, r-devel-linux-x86_64-fedora-gcc, r-patched-solaris-x86, r-release-osx-x86_64, r-oldrel-osx-x86_64

Version: 1.0.1
Check: whether package can be installed
Result: WARN
    Found the following significant warnings:
     Warning: package ‘dplyr’ was built under R version 3.5.1
Flavor: r-oldrel-osx-x86_64