Last updated on 2020-01-20 01:50:14 CET.
Flavor | Version | Tinstall | Tcheck | Ttotal | Status | Flags |
---|---|---|---|---|---|---|
r-devel-linux-x86_64-debian-clang | 0.2.3 | 3.36 | 26.94 | 30.30 | NOTE | |
r-devel-linux-x86_64-debian-gcc | 0.2.3 | 2.62 | 21.30 | 23.92 | NOTE | |
r-devel-linux-x86_64-fedora-clang | 0.2.3 | 37.09 | NOTE | |||
r-devel-linux-x86_64-fedora-gcc | 0.2.3 | 36.47 | NOTE | |||
r-devel-windows-ix86+x86_64 | 0.2.3 | 20.00 | 63.00 | 83.00 | NOTE | |
r-devel-windows-ix86+x86_64-gcc8 | 0.2.3 | 12.00 | 50.00 | 62.00 | NOTE | |
r-patched-linux-x86_64 | 0.2.3 | 2.64 | 24.49 | 27.13 | NOTE | |
r-patched-solaris-x86 | 0.2.3 | 51.90 | NOTE | |||
r-release-linux-x86_64 | 0.2.3 | 2.44 | 24.70 | 27.14 | NOTE | |
r-release-windows-ix86+x86_64 | 0.2.3 | 10.00 | 64.00 | 74.00 | NOTE | |
r-release-osx-x86_64 | 0.2.3 | NOTE | ||||
r-oldrel-windows-ix86+x86_64 | 0.2.3 | 5.00 | 40.00 | 45.00 | NOTE | |
r-oldrel-osx-x86_64 | 0.2.3 | NOTE |
Version: 0.2.3
Check: dependencies in R code
Result: NOTE
Missing or unexported object: 'devtools::use_package'
Flavors: r-devel-linux-x86_64-debian-clang, r-devel-linux-x86_64-debian-gcc, r-devel-windows-ix86+x86_64, r-devel-windows-ix86+x86_64-gcc8, r-patched-linux-x86_64, r-release-linux-x86_64, r-release-windows-ix86+x86_64, r-oldrel-windows-ix86+x86_64
Version: 0.2.3
Check: dependencies in R code
Result: NOTE
Namespaces in Imports field not imported from:
‘httr’ ‘progress’
All declared Imports should be used.
Missing or unexported object: ‘devtools::use_package’
Flavors: r-devel-linux-x86_64-fedora-clang, r-devel-linux-x86_64-fedora-gcc, r-patched-solaris-x86
Version: 0.2.3
Check: dependencies in R code
Result: NOTE
Namespaces in Imports field not imported from:
‘httr’ ‘progress’
All declared Imports should be used.
Flavors: r-release-osx-x86_64, r-oldrel-osx-x86_64