CRAN Package Check Results for Package acepack

Last updated on 2020-01-20 01:50:14 CET.

Flavor Version Tinstall Tcheck Ttotal Status Flags
r-devel-linux-x86_64-debian-clang 1.4.1 3.68 19.88 23.56 OK
r-devel-linux-x86_64-debian-gcc 1.4.1 3.06 16.05 19.11 OK
r-devel-linux-x86_64-fedora-clang 1.4.1 30.51 NOTE
r-devel-linux-x86_64-fedora-gcc 1.4.1 29.58 NOTE
r-devel-windows-ix86+x86_64 1.4.1 21.00 43.00 64.00 OK
r-devel-windows-ix86+x86_64-gcc8 1.4.1 14.00 49.00 63.00 OK
r-patched-linux-x86_64 1.4.1 3.23 18.58 21.81 OK
r-patched-solaris-x86 1.4.1 49.80 OK
r-release-linux-x86_64 1.4.1 2.99 18.81 21.80 OK
r-release-windows-ix86+x86_64 1.4.1 19.00 58.00 77.00 OK
r-release-osx-x86_64 1.4.1 OK
r-oldrel-windows-ix86+x86_64 1.4.1 10.00 36.00 46.00 OK
r-oldrel-osx-x86_64 1.4.1 OK

Check Details

Version: 1.4.1
Check: compiled code
Result: NOTE
    File ‘acepack/libs/acepack.so’:
     Found no calls to: ‘R_registerRoutines’, ‘R_useDynamicSymbols’
    
    It is good practice to register native routines and to disable symbol
    search.
    
    See ‘Writing portable packages’ in the ‘Writing R Extensions’ manual.
Flavors: r-devel-linux-x86_64-fedora-clang, r-devel-linux-x86_64-fedora-gcc