Last updated on 2020-01-20 01:50:14 CET.
Flavor | Version | Tinstall | Tcheck | Ttotal | Status | Flags |
---|---|---|---|---|---|---|
r-devel-linux-x86_64-debian-clang | 1.0.2 | 9.12 | 46.58 | 55.70 | OK | |
r-devel-linux-x86_64-debian-gcc | 1.0.2 | 6.74 | 38.05 | 44.79 | OK | |
r-devel-linux-x86_64-fedora-clang | 1.0.2 | 72.04 | NOTE | |||
r-devel-linux-x86_64-fedora-gcc | 1.0.2 | 70.33 | OK | |||
r-devel-windows-ix86+x86_64 | 1.0.2 | 24.00 | 62.00 | 86.00 | NOTE | |
r-devel-windows-ix86+x86_64-gcc8 | 1.0.2 | 15.00 | 74.00 | 89.00 | NOTE | |
r-patched-linux-x86_64 | 1.0.2 | 8.35 | 44.90 | 53.25 | OK | |
r-patched-solaris-x86 | 1.0.2 | 106.40 | NOTE | |||
r-release-linux-x86_64 | 1.0.2 | 8.75 | 44.02 | 52.77 | OK | |
r-release-windows-ix86+x86_64 | 1.0.2 | 20.00 | 62.00 | 82.00 | NOTE | |
r-release-osx-x86_64 | 1.0.2 | NOTE | ||||
r-oldrel-windows-ix86+x86_64 | 1.0.2 | 10.00 | 88.00 | 98.00 | NOTE | |
r-oldrel-osx-x86_64 | 1.0.2 | NOTE |
Version: 1.0.2
Check: installed package size
Result: NOTE
installed size is 5.6Mb
sub-directories of 1Mb or more:
data 5.4Mb
Flavors: r-devel-linux-x86_64-fedora-clang, r-devel-windows-ix86+x86_64, r-devel-windows-ix86+x86_64-gcc8, r-patched-solaris-x86, r-release-windows-ix86+x86_64, r-release-osx-x86_64, r-oldrel-windows-ix86+x86_64, r-oldrel-osx-x86_64