Last updated on 2020-01-20 01:50:15 CET.
Flavor | Version | Tinstall | Tcheck | Ttotal | Status | Flags |
---|---|---|---|---|---|---|
r-devel-linux-x86_64-debian-clang | 0.4.16 | 16.39 | 99.21 | 115.60 | OK | |
r-devel-linux-x86_64-debian-gcc | 0.4.16 | 10.78 | 74.39 | 85.17 | OK | |
r-devel-linux-x86_64-fedora-clang | 0.4.16 | 133.25 | OK | |||
r-devel-linux-x86_64-fedora-gcc | 0.4.16 | 131.64 | OK | |||
r-devel-windows-ix86+x86_64 | 0.4.16 | 35.00 | 190.00 | 225.00 | OK | |
r-devel-windows-ix86+x86_64-gcc8 | 0.4.16 | 27.00 | 161.00 | 188.00 | OK | |
r-patched-linux-x86_64 | 0.4.16 | 12.04 | 87.31 | 99.35 | OK | |
r-patched-solaris-x86 | 0.4.16 | 164.70 | NOTE | |||
r-release-linux-x86_64 | 0.4.16 | 11.32 | 87.24 | 98.56 | OK | |
r-release-windows-ix86+x86_64 | 0.4.16 | 31.00 | 117.00 | 148.00 | OK | |
r-release-osx-x86_64 | 0.4.16 | OK | ||||
r-oldrel-windows-ix86+x86_64 | 0.4.16 | 17.00 | 187.00 | 204.00 | OK | |
r-oldrel-osx-x86_64 | 0.4.16 | OK |
Version: 0.4.16
Check: dependencies in R code
Result: NOTE
Unexported object imported by a ':::' call: ‘adehabitatLT:::.ltraj2traj’
See the note in ?`:::` about the use of this operator.
Flavor: r-patched-solaris-x86